{"id":74,"date":"2011-10-06T23:42:43","date_gmt":"2011-10-06T23:42:43","guid":{"rendered":"http:\/\/fonasc-cbh.org.br\/?page_id=74"},"modified":"2012-02-07T22:59:46","modified_gmt":"2012-02-07T22:59:46","slug":"encontro-fonasc-10-anos","status":"publish","type":"page","link":"https:\/\/fonasc-cbh.org.br\/?page_id=74","title":{"rendered":"Encontro Fonasc 10 anos"},"content":{"rendered":"<p align=\"center\"><span style=\"font-family: Arial Narrow,serif;\"><span style=\"font-size: small;\">O F\u00d3RUM NACIONAL DA SOCIEDADE CIVIL NOS COMIT\u00caS DE BACIAS HIDROGR\u00c1FICAS \u2013 <strong>FONASC.CBH<\/strong> CONVIDA VOC\u00ca PARA DEBATER E CONSTRUIR PACTOS SOCIAIS EM FAVOR DO USO SUSTENT\u00c1VEL DE NOSSAS \u00c1GUAS: O NOSSO PAPEL \u00c9 DEFENDER NOSSAS \u00c1GUAS!<\/span><\/span><\/p>\n<h1 style=\"text-align: center;\">ENCONTRO FONASC-CBH<\/h1>\n<p><img loading=\"lazy\" decoding=\"async\" class=\"alignnone size-medium wp-image-80\" title=\"10anos-fonasc\" src=\"https:\/\/fonasc-cbh.org.br\/wp-content\/uploads\/10anos-fonasc.png\" alt=\"\" width=\"619\" height=\"246\" \/><br \/>\nO FONASC-CBH est\u00e1 completando 10 anos e voc\u00ea \u00e9 parte dessa festa!<\/p>\n<p style=\"text-align: justify;\">Para celebrar a data, bem como para discutir as pol\u00edticas de recursos h\u00eddricos, o FONASC-CBH realizou um Encontro Comemorativo dos 10 anos, nos dias 25 a 27 deste m\u00eas, no Basa Clube (av. dos Holandeses, s\/n, Calhau, S\u00e3o Lu\u00eds-MA).<\/p>\n<h2>Programa\u00e7\u00e3o :<\/h2>\n<p><strong>Dia 25\/10\/2011<\/strong><br \/>\n19h Abertura<br \/>\nBASA Clube: Av dos Holandeses s \/ n . Calhau \u2013 S\u00e3o Luis \/ MA<br \/>\nPalestra Magna<br \/>\nCoquetel<br \/>\nApresenta\u00e7\u00e3o do Bumba Meu Boi<\/p>\n<p><strong>Dia 26\/10\/2011<\/strong><br \/>\n14 h Abertura dos trabalhos<br \/>\nPainel 1 : Desafios Para a Implementa\u00e7\u00e3o da Pol\u00edtica Estadual de Recursos H\u00eddricos do Maranh\u00e3o<br \/>\nProf. Lucio Macedo: a sustentabilidade do desenvolvimento econ\u00f4mico e a disponibilidade de \u00e1gua.<br \/>\nEdmilson Pinheiro: os desafios da aplicabilidade da legisla\u00e7\u00e3o das \u00e1guas na vis\u00e3o da sociedade civil<br \/>\nThereza Christina Pereira Castro: os novos caminhos para a governan\u00e7a das \u00e1guas no Maranh\u00e3o<br \/>\n15h Caf\u00e9<br \/>\n15h15 Debates<br \/>\n16h<br \/>\nPainel 2: O fortalecimento da a\u00e7\u00e3o pol\u00edtica da sociedade civil nos CBHs e Conselhos Estaduais de Recursos H\u00eddricos para o encaminhamento de propostas e solu\u00e7\u00f5es das demandas sociais com as \u00e1guas.<br \/>\nFlavia Lilian &#8230;&#8230;&#8230;&#8230;&#8230;. :representa\u00e7\u00e3o da sociedade civil no CBH Santo Antonio &#8211; MG<br \/>\nGustavo Gazinelli: representa\u00e7\u00e3o da sociedade civil no Conselho Estadual de Recursos H\u00eddricos de Minas Gerais<br \/>\nJo\u00e3o Climaco Soares de Mendon\u00e7a Filho: representa\u00e7\u00e3o da sociedade civil no Conselho Nacional de Recursos H\u00eddricos<br \/>\nRepresentante do Minist\u00e9rio P\u00fablico<br \/>\n17h Caf\u00e9<br \/>\n17 h 15 Debates<br \/>\n18 h Atividade Cultural<br \/>\nOutras Atividades:<br \/>\n16 h Apresenta\u00e7\u00e3o da Pe\u00e7a de Teatro \u201c O Pr\u00edncipe da Floresta \u00e9 o Sapo \u201c<\/p>\n<p><strong>Dia 27\/10\/2011<\/strong><br \/>\n9 h Visita t\u00e9cnica ao Sitio do F\u00edsico<br \/>\n11h Reuni\u00e3o de profissionais atuantes na gest\u00e3o de recursos h\u00eddricos<br \/>\n12 h Almo\u00e7o<br \/>\n14 h Apresenta\u00e7\u00e3o Jogral com o grupo JOC da Par\u00f3quia Padre Jo\u00e3o Cal\u00e1brio<br \/>\n14h30 Plen\u00e1ria Final<br \/>\nAprova\u00e7\u00e3o da Carta de S\u00e3o Luis.<br \/>\n18h Atividade Cultural<\/p>\n<p style=\"text-align: justify;\"><a href=\"https:\/\/fonasc-cbh.org.br\/?wpfb_dl=15\" target=\"_blank\">VEJA A CARTA DE S\u00c3O LUIZ <\/a><\/p>\n<p style=\"text-align: justify;\">FOTOS<\/p>\n<p style=\"text-align: justify;\">IMAGENS<\/p>\n<p style=\"text-align: justify;\"><a href=\"https:\/\/fonasc-cbh.org.br\/wp-content\/uploads\/SLIDES_PALESTRA_S\u00c3O-LUIS_MA.ppt\">SLIDES_PALESTRA_DRA SANDRA AKEMI\u00a0 &#8211; S\u00c3O LUIS_MA<\/a><\/p>\n","protected":false},"excerpt":{"rendered":"<p>O F\u00d3RUM NACIONAL DA SOCIEDADE CIVIL NOS COMIT\u00caS DE BACIAS HIDROGR\u00c1FICAS \u2013 FONASC.CBH CONVIDA VOC\u00ca PARA DEBATER E CONSTRUIR PACTOS&#8230;<\/p>\n","protected":false},"author":1,"featured_media":0,"parent":244,"menu_order":0,"comment_status":"open","ping_status":"closed","template":"","meta":{"footnotes":""},"_links":{"self":[{"href":"https:\/\/fonasc-cbh.org.br\/index.php?rest_route=\/wp\/v2\/pages\/74"}],"collection":[{"href":"https:\/\/fonasc-cbh.org.br\/index.php?rest_route=\/wp\/v2\/pages"}],"about":[{"href":"https:\/\/fonasc-cbh.org.br\/index.php?rest_route=\/wp\/v2\/types\/page"}],"author":[{"embeddable":true,"href":"https:\/\/fonasc-cbh.org.br\/index.php?rest_route=\/wp\/v2\/users\/1"}],"replies":[{"embeddable":true,"href":"https:\/\/fonasc-cbh.org.br\/index.php?rest_route=%2Fwp%2Fv2%2Fcomments&post=74"}],"version-history":[{"count":20,"href":"https:\/\/fonasc-cbh.org.br\/index.php?rest_route=\/wp\/v2\/pages\/74\/revisions"}],"predecessor-version":[{"id":76,"href":"https:\/\/fonasc-cbh.org.br\/index.php?rest_route=\/wp\/v2\/pages\/74\/revisions\/76"}],"up":[{"embeddable":true,"href":"https:\/\/fonasc-cbh.org.br\/index.php?rest_route=\/wp\/v2\/pages\/244"}],"wp:attachment":[{"href":"https:\/\/fonasc-cbh.org.br\/index.php?rest_route=%2Fwp%2Fv2%2Fmedia&parent=74"}],"curies":[{"name":"wp","href":"https:\/\/api.w.org\/{rel}","templated":true}]}}