{"id":7083,"date":"2013-02-13T18:00:53","date_gmt":"2013-02-13T18:00:53","guid":{"rendered":"http:\/\/fonasc-cbh.org.br\/?page_id=7083"},"modified":"2013-06-30T04:43:04","modified_gmt":"2013-06-30T04:43:04","slug":"previsao-do-tempo-e-condicoes-climaticas-no-pais","status":"publish","type":"page","link":"https:\/\/fonasc-cbh.org.br\/?page_id=7083","title":{"rendered":"PREVIS\u00c3O DO TEMPO"},"content":{"rendered":"<p><em><strong><a title=\"PREVIS\u00c3O DO TEMPO \" href=\"http:\/\/tempo.cptec.inpe.br\/\" target=\"_blank\">PREVIS\u00c3O DO TEMPO E CONDI\u00c7\u00d5ES CLIM\u00c1TICAS NO PA\u00cdS <\/a><\/strong><\/em><\/p>\n","protected":false},"excerpt":{"rendered":"<p>PREVIS\u00c3O DO TEMPO E CONDI\u00c7\u00d5ES CLIM\u00c1TICAS NO PA\u00cdS<\/p>\n","protected":false},"author":3,"featured_media":0,"parent":1445,"menu_order":0,"comment_status":"closed","ping_status":"open","template":"","meta":{"footnotes":""},"_links":{"self":[{"href":"https:\/\/fonasc-cbh.org.br\/index.php?rest_route=\/wp\/v2\/pages\/7083"}],"collection":[{"href":"https:\/\/fonasc-cbh.org.br\/index.php?rest_route=\/wp\/v2\/pages"}],"about":[{"href":"https:\/\/fonasc-cbh.org.br\/index.php?rest_route=\/wp\/v2\/types\/page"}],"author":[{"embeddable":true,"href":"https:\/\/fonasc-cbh.org.br\/index.php?rest_route=\/wp\/v2\/users\/3"}],"replies":[{"embeddable":true,"href":"https:\/\/fonasc-cbh.org.br\/index.php?rest_route=%2Fwp%2Fv2%2Fcomments&post=7083"}],"version-history":[{"count":5,"href":"https:\/\/fonasc-cbh.org.br\/index.php?rest_route=\/wp\/v2\/pages\/7083\/revisions"}],"predecessor-version":[{"id":8802,"href":"https:\/\/fonasc-cbh.org.br\/index.php?rest_route=\/wp\/v2\/pages\/7083\/revisions\/8802"}],"up":[{"embeddable":true,"href":"https:\/\/fonasc-cbh.org.br\/index.php?rest_route=\/wp\/v2\/pages\/1445"}],"wp:attachment":[{"href":"https:\/\/fonasc-cbh.org.br\/index.php?rest_route=%2Fwp%2Fv2%2Fmedia&parent=7083"}],"curies":[{"name":"wp","href":"https:\/\/api.w.org\/{rel}","templated":true}]}}

PREVISÃO DO TEMPO

<p><em><strong><a title="PREVISÃO DO TEMPO " href="http://tempo.cptec.inpe.br/" target="_blank">PREVISÃO DO TEMPO E CONDIÇÕES CLIMÁTICAS NO PAÍS </a></strong></em></p>

<p>PREVISÃO DO TEMPO E CONDIÇÕES CLIMÁTICAS NO PAÍS</p>
