{"id":4827,"date":"2012-08-13T22:56:34","date_gmt":"2012-08-13T22:56:34","guid":{"rendered":"http:\/\/fonasc-cbh.org.br\/?page_id=4827"},"modified":"2012-08-14T15:25:24","modified_gmt":"2012-08-14T15:25:24","slug":"relato-da-participacao-das-org-civis-na-50-ctem","status":"publish","type":"page","link":"https:\/\/fonasc-cbh.org.br\/?page_id=4827","title":{"rendered":"50 REUNI\u00c3O CTEM RELATO DAS ONGs"},"content":{"rendered":"<p>&nbsp;<\/p>\n<p id=\"internal-source-marker_0.15147218074550223\" style=\"text-align: justify;\" dir=\"ltr\"><strong>RELATO DA PARTICIPA\u00e7\u00e3o DAS ORG CIVIS NA 50 REUNI\u00c3O DA CTEM &#8211; CAMARA T\u00c9CNICA DE EDUCA\u00c7\u00c3O MOBILIZA\u00c7\u00c3O SOCIAL DO CNRH<\/strong><\/p>\n<p style=\"text-align: justify;\">A REP DAS ORG CIVIS NO CNRH PARTICIPOU DA 50\u00aa Reuni\u00e3o da CTEM NOS DIAS 08 e 09 de agosto de 2012 QUE SE REALIZOU NA: Sala S-1 da Secretaria de Recursos H\u00eddricos e Ambiente Urbano do Minist\u00e9rio do Meio Ambiente, localizada no Edif\u00edcio Marie Prendi Cruz, Setor de Edif\u00edcios P\u00fablicos Norte (SEPN) 505, Lote dois (acesso pela W2), Bras\u00edlia\/DF. COM AS SEGUINTES ATIVIDADES PREVISTAS NO Dia 08 de agosto de 201214h30 Reuni\u00e3o dos Grupos de Trabalho: &#8211; GT Preven\u00e7\u00e3o de Desastres &#8211; GT Educa\u00e7\u00e3o e Capacita\u00e7\u00e3o &#8211; GT Comunica\u00e7\u00e3o &#8211; ONDE SE DEFINIU PARTICIPANTES DOS MESMOS E SUAS ESTRAT\u00c9GIAS. NOSSO SEGMENTO INTERESSA EM PARTICIPAR DOS MESMOS, MAS MANIFESTOU A NECESSIDADE DE QUE ESSES GTs. Priorizem uma agenda mais t\u00e9cnica decorrente da necessidade de que a CTEM deve atender a demanda de constru\u00e7\u00e3o de refer\u00eancias para metodologias de capacita\u00e7\u00f5es sobre os Instrumentos de Gest\u00e3o da Pol\u00edtica Nacional de Recursos H\u00eddricos E N\u00c3O UMA AGENDA FOCADA na realiza\u00e7\u00e3o de eventos no que foi contestado pelos demais. Dia 09 de agosto de 2012 foi aberta a reuni\u00e3o as 09h00 com a seguinte pauta 1 &#8211; Comunicados e elei\u00e7\u00e3o da Presid\u00eancia para o mandato 2012-2013 &#8211;<\/p>\n<p style=\"text-align: justify;\">Nossa representa\u00e7\u00e3o APRESETNOU-SE COMO CANDIDATURA ALTERNATIVA a \u00a0\u00a0manifestou desacordo com o continu\u00edsmo da candidatura das mesmas pessoas desde 2008 \u00a0alertando para a necessidade de renova\u00e7\u00e3o e por conta de nosso desacordo com a CONCEP\u00c7\u00c3O DA GEST\u00c3O da CTEM QUE SE AFIRMA NUMA LINHA DISTANTE DO QUE O NOSSO SEGMENTO ENTENDE POR AGENDA POSITIVA.\u00a0<\/p>\n<p style=\"text-align: justify;\">As 09h30 Aprova\u00e7\u00e3o da Ata da 49\u00aa Reuni\u00e3o da CTEM foi postergada para a pr\u00f3xima reuni\u00e3o &#8211;<\/p>\n<p style=\"text-align: justify;\">As 10h00 Houve Apresenta\u00e7\u00e3o e resultados da Confer\u00eancia das Na\u00e7\u00f5es Unidas sobre Desenvolvimento Sustent\u00e1vel: Rio +20 pelo Sr. Nilo do MMA \u00a0&#8211;<\/p>\n<p style=\"text-align: justify;\">As 10h30 Apresenta\u00e7\u00e3o dos Grupos de Trabalho que marcou uma nova agenda de datas e o GT Comunica\u00e7\u00e3o \u2013 Apresenta\u00e7\u00e3o preliminar QUE NA VERDADE FOI a informa\u00e7\u00e3o sobre proposta de Oficina a ser desenvolvida no XIV ENCOB em Cuiab\u00e1\/MT de 05 a 09 de Novembro.<\/p>\n<p style=\"text-align: justify;\">No GT Educa\u00e7\u00e3o e Capacita\u00e7\u00e3o pautaram o Encontro de EA da Bacia do Doce e III e o Encontro Formativo de EA. &#8211; Nesse \u00faltimo Nosso segmento manifestou\u00a0 posicionamento e entendimento de que a AGENDA DA CTEM FOCADA PRIORITARIAMENTE \u00a0EM EVENTOS DESPRETIGIA SEU PAPEL E FINALIDADE .<\/p>\n<p style=\"text-align: justify;\">AS 12h00 HOUVE Intervalo para almo\u00e7o E AS 14h00 GT HOUVE UMA BREVE APRESENTA\u00c7\u00c3O DO GT Preven\u00e7\u00e3o de Desastres Discuss\u00e3o da Proposta de Mo\u00e7\u00e3o\/Resolu\u00e7\u00e3o e da Nota T\u00e9cnica a serem encaminhadas ao CNRH SOBRE ESSE TEMA CUJA ORIENTA\u00c7\u00c3O TEVE NOSSO APOIO.<\/p>\n<p style=\"text-align: justify;\">As 17h00 tiveram os Comunicados Gerais e encerramento da 50\u00aa Reuni\u00e3o da CTEM. SOBRE ESSA\u00a0, TEMOS AINDA OS SEGUINTES COMENT\u00c1RIOS FINAIS:<\/p>\n<p style=\"text-align: justify;\">Reafirmamos nosso posicionamento e avalia\u00e7\u00e3o quanto \u00e0 condu\u00e7\u00e3o das atividades da CTEM que no nosso entendimento tem servido para um protagonizou de um segmento em detrimento de outros e isso tem como g\u00eanese vis\u00f5es corporativistas da a\u00e7\u00e3o pol\u00edtica dentro do Estado em preju\u00edzo de uma a\u00e7\u00e3o aglutinadora e legitimadora das v\u00e1rias concep\u00e7\u00f5es e pr\u00e1ticas em mobiliza\u00e7\u00e3o capacita\u00e7\u00e3o para gest\u00e3o das \u00e1guas engendradas pela sociedade no pa\u00eds .<\/p>\n<p style=\"text-align: justify;\">Citamos os exemplo de a\u00e7\u00f5es desenvolvidas pelo FONASC NO PA\u00cdS que contempla uma capacita\u00e7\u00e3o e educa\u00e7\u00e3o focada na constru\u00e7\u00e3o de protagonismos\u00a0 cidad\u00e3os para participar politicamente dos CBHs como fazemos em v\u00e1rias regi\u00f5es do pa\u00eds .<\/p>\n<p style=\"text-align: justify;\">Reiteramos que nos eventos anteriores n\u00e3o se tem noticia de resultados concretos nem avalia\u00e7\u00f5es t\u00e9cnicas e proposi\u00e7\u00f5es com sentido pol\u00edtico de fortalecimento da POLITICA DAS \u00c1GUAS E\u00a0 NOSSAS proposi\u00e7\u00f5es n\u00e3o FORAM CONSIDERADAS, pois t\u00eam sido exclu\u00eddas a partir do GRUPO DE REPRESETANTES DO SEGMENTO GOVERNO QUE A COORDENA. COMO \u00c9 O CASO da proposta de mon\u00e7\u00e3o sobre sinaliza\u00e7\u00e3o de \u00e1reas contaminadas e uma a\u00e7\u00e3o pol\u00edtica proposital de resist\u00eancia \u00a0ao trabalho e propostas do nosso\u00a0segmento da representa\u00e7\u00e3o das Ongs no CNRH . Enfrentamos\u00a0no \u00faltimo ENCONTRO FORMATIVO a resist\u00eancia ao nosso PROTAGONISMO NOS EVENTOS PROPOSTOS nessa CTEM hegemonizada pelo\u00a0 SEGMENTO DO SETOR P\u00daBLICO\u00a0 QUE TENTA LEGITIMAR SUAS CONCEP\u00c7\u00d5ES E PR\u00c1TICAS \u00a0POLITICAS VIA CNRH E CTEM.<\/p>\n<p style=\"text-align: justify;\">PARA N\u00d3S DO SEGMENTO DAS ONGS Na CTEM no conceito atual, ESSA ct\u00a0TEM \u00a0se protagonizado mais como uma agencia de eventos do que uma inst\u00e2ncia formuladora de tecnologias para a gest\u00e3o das \u00e1guas demonstrando mais uma necessidade de protagonismo pol\u00edtico do segmento do setor p\u00fablico que exerce uma exclus\u00e3o e resist\u00eancia as nossas propostas e indica\u00e7\u00f5es de pessoas nesses eventos, \u00a0em vez de incentivar uma conduta integradora das v\u00e1rias experi\u00eancias exercidas dentro do pluralismo de condutas e projetos pol\u00edticos das rep. das organiza\u00e7\u00f5es e cidad\u00e3os atuantes em gest\u00e3o dos recursos h\u00eddricos no pa\u00eds.<\/p>\n<p style=\"text-align: justify;\">Nesse aspecto nosso segmento reafirmou nosso intento de continuar participando da CTEM na perspectiva de mudan\u00e7a dessa orienta\u00e7\u00e3o e lutar para afirma\u00e7\u00e3o dos princ\u00edpios da gest\u00e3o compartilhada e N\u00c3O excludente que rege a POLITICA DE RECURSOS HIDRICOS DO PA\u00cdS.<\/p>\n<p style=\"text-align: justify;\">No cen\u00e1rio dos eventos aprovados nessa 50 CTEM o FONASC se empenhar\u00e1 no cumprimento de alguns pressupostos que regem a administra\u00e7\u00e3o p\u00fablica nos eventos programados e vai colocOU\u00a0 como condi\u00e7\u00e3o fundamental para nossa participa\u00e7\u00e3o e colabora\u00e7\u00e3o nesses &#8220;eventos os seguintes pressupostos:<\/p>\n<p style=\"text-align: justify;\">1 &#8211; Todos os custos e disp\u00eandio de recursos p\u00fablicos dever\u00e3o ser publicizados e divulgados aos participantes.<\/p>\n<p style=\"text-align: justify;\">2 &#8211; Todas as atividades previstas dever\u00e3o acatar as pluralidade de vis\u00f5es e pr\u00e1ticas desenvolvidas por atores sociais que n\u00e3o fazem parte desse &#8220;campo pol\u00edtico\u201d que ora coordena a CTEM, Para isso, nos esfor\u00e7aremos para construir o DEBATE POLITICO E T\u00c9CNICO nos eventos previstos podendo indicar t\u00e9cnicos e cidad\u00e3os que atuam nessas atividades tanto na pa\u00eds como na BACIA DO RIO DOCE onde participamos ativamente de movimentos e lutas sociais e CBHs onde desenvolvemos programas e projetos de mobiliza\u00e7\u00e3o e capacita\u00e7\u00e3o em recursos h\u00eddricos que podem ser consideradas.<\/p>\n<p style=\"text-align: justify;\">3 &#8211; N\u00e3o concordamos que a CTEM e nem o CNRH sejam publicizados como promotores\u00a0 ou patrocinadores desses eventos visto que n\u00e3o tem amparo regimental tal conduta. Haveria de ter uma MON\u00c7\u00c3O DA PLEN\u00c1RIA COM ESSA FINALIDADE sem preju\u00edzo do apoio unilateral do MMA j\u00e1 que o mesmo tem normas legais para faz\u00ea-lo,\u00a0 de modo que aproveitamos esse relat\u00f3rio para que o encaminhamento junto ao SINGREH sobre esses eventos discutidos e &#8220;apoiados&#8221; pela CTEM seja dessa forma, \u00a0j\u00e1 que o debate e decis\u00e3o de uma CT ainda mais nessas circunst\u00e2ncias pol\u00edticas aqui expressadas carecem da aprova\u00e7\u00e3o da plen\u00e1ria do CNRH. A REP DAS ORG CIVIS NO CNRH ESFORCA-SE PARA SUSTENTABILIDADE POLITICA DO SINGREH.<\/p>\n<p style=\"text-align: justify;\">JOAO CLIMACO s m filho<\/p>\n<p style=\"text-align: justify;\">REP DAS ORG CIVIS NA CTEM DO CNRH<\/p>\n<p style=\"text-align: justify;\">FONASC CBH<\/p>\n<p><a title=\"50 CT \" href=\"https:\/\/docs.google.com\/a\/fonasc-cbh.org.br\/file\/d\/0B66TtT_YnoXva0NzcGMyM1RUSlk\/edit\" target=\"_blank\">VIDE RELATO <\/a><\/p>\n<p>MAIS INFORMA\u00c7\u00d5ES SOBRE ESSA CAMAR ACESSE\u00a0 <a href=\"http:\/\/www.cnrh.gov.br\">www.cnrh.gov.br<\/a><\/p>\n<p>&nbsp;<\/p>\n","protected":false},"excerpt":{"rendered":"<p>&nbsp; RELATO DA PARTICIPA\u00e7\u00e3o DAS ORG CIVIS NA 50 REUNI\u00c3O DA CTEM &#8211; CAMARA T\u00c9CNICA DE EDUCA\u00c7\u00c3O MOBILIZA\u00c7\u00c3O SOCIAL DO&#8230;<\/p>\n","protected":false},"author":3,"featured_media":0,"parent":3188,"menu_order":0,"comment_status":"closed","ping_status":"open","template":"","meta":{"footnotes":""},"_links":{"self":[{"href":"https:\/\/fonasc-cbh.org.br\/index.php?rest_route=\/wp\/v2\/pages\/4827"}],"collection":[{"href":"https:\/\/fonasc-cbh.org.br\/index.php?rest_route=\/wp\/v2\/pages"}],"about":[{"href":"https:\/\/fonasc-cbh.org.br\/index.php?rest_route=\/wp\/v2\/types\/page"}],"author":[{"embeddable":true,"href":"https:\/\/fonasc-cbh.org.br\/index.php?rest_route=\/wp\/v2\/users\/3"}],"replies":[{"embeddable":true,"href":"https:\/\/fonasc-cbh.org.br\/index.php?rest_route=%2Fwp%2Fv2%2Fcomments&post=4827"}],"version-history":[{"count":14,"href":"https:\/\/fonasc-cbh.org.br\/index.php?rest_route=\/wp\/v2\/pages\/4827\/revisions"}],"predecessor-version":[{"id":4830,"href":"https:\/\/fonasc-cbh.org.br\/index.php?rest_route=\/wp\/v2\/pages\/4827\/revisions\/4830"}],"up":[{"embeddable":true,"href":"https:\/\/fonasc-cbh.org.br\/index.php?rest_route=\/wp\/v2\/pages\/3188"}],"wp:attachment":[{"href":"https:\/\/fonasc-cbh.org.br\/index.php?rest_route=%2Fwp%2Fv2%2Fmedia&parent=4827"}],"curies":[{"name":"wp","href":"https:\/\/api.w.org\/{rel}","templated":true}]}}