{"id":4482,"date":"2012-07-14T21:07:36","date_gmt":"2012-07-14T21:07:36","guid":{"rendered":"http:\/\/fonasc-cbh.org.br\/?page_id=4482"},"modified":"2013-02-20T18:02:15","modified_gmt":"2013-02-20T18:02:15","slug":"cbh-alto-sao-francisco-sf1-mg","status":"publish","type":"page","link":"https:\/\/fonasc-cbh.org.br\/?page_id=4482","title":{"rendered":"CBH ALTO S\u00c3O  FRANCISCO SF1 MG"},"content":{"rendered":"<p>CBH ALTO S\u00c3O FRANCISCO<\/p>\n<p>REPRESENTANTE FONASC :<\/p>\n<p>RELATORIOS:<\/p>\n<p>historico<\/p>\n<p>NOTICIAS<\/p>\n<p>Prezado PArticipane e interessado, remeta-nos mande suas impress\u00f5es e seus relat\u00f3rios sobre a gest\u00e3o e os desafios na bacia preencha os quadros abaixo<\/p>\n<p><strong>cuide disso :\u00a0\u00a0\u00a0 [contact-form-7 id=&#8221;4&#8243; title=&#8221;Contact form 1&#8243;]<\/strong><\/p>\n","protected":false},"excerpt":{"rendered":"<p>CBH ALTO S\u00c3O FRANCISCO REPRESENTANTE FONASC : RELATORIOS: historico NOTICIAS Prezado PArticipane e interessado, remeta-nos mande suas impress\u00f5es e seus&#8230;<\/p>\n","protected":false},"author":3,"featured_media":0,"parent":7244,"menu_order":0,"comment_status":"open","ping_status":"open","template":"","meta":{"footnotes":""},"_links":{"self":[{"href":"https:\/\/fonasc-cbh.org.br\/index.php?rest_route=\/wp\/v2\/pages\/4482"}],"collection":[{"href":"https:\/\/fonasc-cbh.org.br\/index.php?rest_route=\/wp\/v2\/pages"}],"about":[{"href":"https:\/\/fonasc-cbh.org.br\/index.php?rest_route=\/wp\/v2\/types\/page"}],"author":[{"embeddable":true,"href":"https:\/\/fonasc-cbh.org.br\/index.php?rest_route=\/wp\/v2\/users\/3"}],"replies":[{"embeddable":true,"href":"https:\/\/fonasc-cbh.org.br\/index.php?rest_route=%2Fwp%2Fv2%2Fcomments&post=4482"}],"version-history":[{"count":12,"href":"https:\/\/fonasc-cbh.org.br\/index.php?rest_route=\/wp\/v2\/pages\/4482\/revisions"}],"predecessor-version":[{"id":7303,"href":"https:\/\/fonasc-cbh.org.br\/index.php?rest_route=\/wp\/v2\/pages\/4482\/revisions\/7303"}],"up":[{"embeddable":true,"href":"https:\/\/fonasc-cbh.org.br\/index.php?rest_route=\/wp\/v2\/pages\/7244"}],"wp:attachment":[{"href":"https:\/\/fonasc-cbh.org.br\/index.php?rest_route=%2Fwp%2Fv2%2Fmedia&parent=4482"}],"curies":[{"name":"wp","href":"https:\/\/api.w.org\/{rel}","templated":true}]}}