{"id":3188,"date":"2012-03-17T20:31:18","date_gmt":"2012-03-17T20:31:18","guid":{"rendered":"http:\/\/fonasc-cbh.org.br\/?page_id=3188"},"modified":"2013-03-26T05:02:45","modified_gmt":"2013-03-26T05:02:45","slug":"educacao-e-mobilizacao-para-gestao","status":"publish","type":"page","link":"https:\/\/fonasc-cbh.org.br\/?page_id=3188","title":{"rendered":"CT- EDUCA\u00c7\u00c3O E MOBILIZA\u00c7\u00c3O ."},"content":{"rendered":"<p>FONASC NA CTEM ( C\u00e2mara T\u00e9cnica de\u00a0 Educa\u00e7\u00e3o, Capacita\u00e7\u00e3o, Mobiliza\u00e7\u00e3o Social e Informa\u00e7\u00e3o em Recursos H\u00eddricos \u2013 CTEM<\/p>\n<p><strong><strong>DOCTOS FONASC: RELATORIOS DA REP FONASC\u00a0\u00a0\u00a0<\/strong><\/strong><\/p>\n<p><strong><strong>\u00a0\u00a0\u00a0\u00a0\u00a0\u00a0\u00a0\u00a0\u00a0\u00a0\u00a0\u00a0\u00a0\u00a0\u00a0\u00a0\u00a0\u00a0\u00a0\u00a0\u00a0\u00a0\u00a0\u00a0\u00a0\u00a0\u00a0\u00a0\u00a0\u00a0\u00a0\u00a0<a title=\"fonasc rlatorios 49 \" href=\"https:\/\/docs.google.com\/a\/fonasc-cbh.org.br\/file\/d\/0B66TtT_YnoXvRE4tNGVSdDRrN1k\/edit\" target=\"_blank\">\u00a0\u00a0\u00a0\u00a0\u00a0\u00a0\u00a0\u00a0\u00a0\u00a0 49 &#8211; REUNI\u00c3O\u00a0<\/a>\u00a012\/04\/2012-<\/strong><\/strong><\/p>\n<p><strong><strong>\u00a0\u00a0\u00a0\u00a0\u00a0\u00a0\u00a0\u00a0\u00a0\u00a0\u00a0\u00a0\u00a0\u00a0\u00a0\u00a0\u00a0\u00a0\u00a0\u00a0\u00a0\u00a0\u00a0\u00a0\u00a0\u00a0\u00a0\u00a0\u00a0\u00a0\u00a0\u00a0\u00a0\u00a0\u00a0\u00a0\u00a0\u00a0\u00a0<a title=\"RELT 50 CT \" href=\"https:\/\/docs.google.com\/open?id=0B66TtT_YnoXva0NzcGMyM1RUSlk\" target=\"_blank\">\u00a0\u00a0\u00a0\u00a0\u00a050 &#8211; 08 09 DE aGOSTO <\/a><\/strong><\/strong><\/p>\n<p><strong><strong>\u00a0\u00a0\u00a0\u00a0\u00a0\u00a0\u00a0\u00a0\u00a0\u00a0\u00a0\u00a0\u00a0\u00a0\u00a0\u00a0\u00a0\u00a0\u00a0\u00a0\u00a0\u00a0\u00a0\u00a0\u00a0\u00a0\u00a0\u00a0\u00a0\u00a0\u00a0\u00a0\u00a0\u00a0\u00a0\u00a0\u00a0\u00a0\u00a0\u00a0\u00a0\u00a0\u00a0 51\u00a0 <\/strong><\/strong><\/p>\n<p><strong><strong>\u00a0\u00a0\u00a0\u00a0\u00a0\u00a0\u00a0\u00a0\u00a0\u00a0\u00a0\u00a0\u00a0\u00a0\u00a0\u00a0\u00a0\u00a0\u00a0\u00a0\u00a0\u00a0\u00a0\u00a0\u00a0\u00a0\u00a0\u00a0\u00a0\u00a0\u00a0\u00a0\u00a0\u00a0\u00a0\u00a0\u00a0\u00a0\u00a0\u00a0\u00a0\u00a0\u00a0 52 &#8211; 11 e 12 de mar\u00e7o 2013 &#8211;\u00a0 <a title=\"as\" href=\"https:\/\/drive.google.com\/?tab=mo&amp;authuser=0#folders\/0B_-yyLekWKMmQ3ZwREtMY3ZCelE\" target=\"_blank\">documentos<\/a> &#8211; <a title=\"MMM\" href=\"https:\/\/docs.google.com\/a\/fonasc-cbh.org.br\/file\/d\/0B66TtT_YnoXvS1NrdHFWM1dMVFU\/edit\" target=\"_blank\">RELATORIO<\/a><\/strong><\/strong><\/p>\n<p><strong><\/strong><strong><a title=\"CTEM\" href=\"http:\/\/www.cnrh.gov.br\/sitio\/index.php?option=com_docman&amp;task=cat_view&amp;gid=59&amp;Itemid=9\" target=\"_blank\">ESTADO DA ARTE DAS DISCUSS\u00d5ES NO CNRH E CBHs no pa\u00eds <\/a><\/strong><\/p>\n<p><strong>Caro Interessado, participante indicado como representante pelo FONASC &#8211; Encaminhe seus relatorios e sugest\u00f5es abaixo<\/strong> :<\/p>\n<p>[contact-form-7 id=&#8221;4&#8243; title=&#8221;Contact form 1&#8243;]<\/p>\n<p><strong>_______________________<\/strong><\/p>\n<p>O FONASC APOIA\u00a0 ASSESSORA E TRANSFERE METODOLOGIAS\u00a0 PARA MOBILIZA\u00c7\u00c3O SOCIAL E CAPACITA\u00c7\u00c3O PARA GEST\u00c3O DAS \u00c1GUAS<\/p>\n<p><strong><em>V<a title=\"PROJETOS DO FONASC \" href=\"https:\/\/fonasc-cbh.org.br\/?page_id=35\" target=\"_blank\">EJA OS\u00a0 PROJETOS\u00a0 DESENVOLVIDOS\u00a0 PELO\u00a0 FONASC<\/a><\/em><\/strong><\/p>\n<p><strong><em><a href=\"https:\/\/fonasc-cbh.org.br\/?p=973\" target=\"_blank\">EDUCA\u00c7AO AMBIENTAL<\/a><\/em><\/strong><\/p>\n<p><strong><em><a title=\"AGENTE AMBIENTAL \" href=\"https:\/\/fonasc-cbh.org.br\/?attachment_id=1162\" target=\"_blank\">FORMA\u00c7\u00c3O DO AGENTE AMBIENTAL DE BACIAS HIDROGR\u00c1FICA<\/a><\/em><\/strong><\/p>\n<p><a title=\"EVENTOS FORMATIVOS \" href=\"https:\/\/fonasc-cbh.org.br\/?page_id=1135\" target=\"_blank\"><strong><em>EVENTOS :<\/em><\/strong><\/a><\/p>\n<p><strong><em><a title=\"A\u00c7\u00d5ES NAS COMUNIDADES \" href=\"http:\/\/www.flickr.com\/photos\/fonasc10anos\/\" target=\"_blank\">PROJETOS NAS COMUNIDADES <\/a><\/em><\/strong><\/p>\n<p><a title=\"EVENTO EM ESCOLA COMUNIT\u00c1RIA \" href=\"https:\/\/fonasc-cbh.org.br\/?p=496\" target=\"_blank\"><strong><em>FONASC NAS ESCOLAS COMUNIT\u00c1RIAS<\/em><\/strong> <\/a><\/p>\n<p>&nbsp;<\/p>\n<p><strong>relato 2010<\/strong><\/p>\n<p style=\"text-align: justify;\">A resolu\u00e7\u00e3o oriunda da C\u00e2mara T\u00e9cnica de Educa\u00e7\u00e3o e Mobiliza\u00e7\u00e3o-CTEM para o \u201cestabelecimento de princ\u00edpios, fundamentos e diretrizes para a educa\u00e7\u00e3o, o desenvolvimento de capacidades, a mobiliza\u00e7\u00e3o social e a informa\u00e7\u00e3o para a Gest\u00e3o Integrada de Recursos H\u00eddricos no Sistema Nacional de Gerenciamento de Recursos H\u00eddricos \u2013 SINGREH\u201d nem de longe reflete a preocupa\u00e7\u00e3o da representa\u00e7\u00e3o das organiza\u00e7\u00f5es civis naquela C\u00e2mara no sentido de que ela valorize e considere experi\u00eancias concretas empreendidas por essas representa\u00e7\u00f5es, no dia a dia na beira dos rios, bem como seus quadros t\u00e9cnicos com uma pr\u00e1tica muito mais org\u00e2nica junto \u00e0s popula\u00e7\u00f5es.<\/p>\n<p style=\"text-align: justify;\">A CTEM ainda n\u00e3o conseguiu produzir e tratar com mais fluidez resolu\u00e7\u00f5es que muito a dignificaria tais como a mon\u00e7\u00e3o que disp\u00f5e sobre mecanismos de controle e monitoramento do desembolso de recursos p\u00fablicos para eventos de capacita\u00e7\u00e3o e similares, bem como a garantia da participa\u00e7\u00e3o da sociedade civil nesses eventos. Evidencia-se a nosso ver uma tentativa permanente de agentes p\u00fablicos verem a atua\u00e7\u00e3o da CTEM muito mais comprometida como ag\u00eancia de eventos do que a formula\u00e7\u00e3o de diretrizes que permita a sociedade construir cidadania e conhecimento em cima de suas demandas concretas nos CBHs e demais colegiados. Uma pena.<\/p>\n<p style=\"text-align: justify;\">A CTEM ressente-se da aus\u00eancia de um papel ativo para\u00a0\u00a0 a\u00e7\u00e3o monitoradora da aplica\u00e7\u00e3o dos recursos para capacita\u00e7\u00e3o e mobiliza\u00e7\u00e3o ( Esvaziou proposta da soc civil nesse sentido )\u00a0 e privilegia uma atitude de legitima\u00e7\u00e3o de uma vis\u00e3o instrumental da mobiliza\u00e7\u00e3o para fortalecimento pol\u00edtico de um grupo de atores e pessoas ligadas ao mundo acad\u00eamico envolvidos com os\u00a0 grupo que ora a dirige em detrimento das experi\u00eancias concretas dos \u201cmovimentos.\u201d Quando n\u00e3o, reproduz a velha pr\u00e1tica de convidar aqueles para compor um cen\u00e1rio de legitima\u00e7\u00e3o de grupos que fazem da educa\u00e7\u00e3o e mobiliza\u00e7\u00e3o social para gest\u00e3o de recursos h\u00eddricos uma rica agenda de eventos e alegorias para fortalec\u00ea-los dentro do sistema, j\u00e1 que N\u00c3O tem inser\u00e7\u00e3o e apoio dos movimentos sociais.<\/p>\n<p style=\"text-align: justify;\"><strong>RELATO EM 2011<\/strong><\/p>\n<p style=\"text-align: justify;\">No ano de 2011 tal situa\u00e7\u00e3o se agravou de maneira consider\u00e1vel mostrando a ascen\u00e7\u00e3o desses grupos de interesses e lobyyes de pessoas ditas \u201cinteressadas em educa\u00e7\u00e3o ambiental para as \u00e1guas \u201c dentro do MMA\u00a0 e que sendo essas\u00a0\u00a0 OMISSAs\u00a0 e formada por maioria de pessoas do segmento do setor p\u00fablico, adotam uma conduta de recha\u00e7amento ao direito da rep das org civis no CNRH\u00a0 de protagonizar PROPOPSTAS DE REAL INTERESSE SOCIAL . Citamos como exemplo: Esvaziamento\u00a0 deliberado da proposta de sinaliza\u00e7\u00e3o de corpos d\u00e1gua contaminados para popula\u00e7\u00f5es\u00a0 ribeirinhas , bem como ,\u00a0 intoler\u00e2ncia ao debate pol\u00edtico quando questionados quanto a essas condutas desviando-se para comportamentos agressivos e\u00a0 incompat\u00edveis com a condu\u00e7\u00e3o dos princ\u00edpios dse impessoalidade e transpar\u00eancia da gest\u00e3o p\u00fablica. A CTEM \u00e9 um problema para a democratiza\u00e7\u00e3o da gest\u00e3o das \u00e1guas no Brasil indo diretamente na contra m\u00e3o dos princ\u00edpios da educa\u00e7\u00e3o e integra\u00e7\u00e3o na gest\u00e3o das \u00e1guas do pa\u00eds. Tal sita\u00e7\u00e3o \u00e9 agravada mais ainda p\u00e9la aus\u00eancia de comando e dirfetriz da SRHAU no \u00e2mbito do MMA atualmente. A CTEM est\u00e1 mais para uma agencia de eventos do que um organismo colegiado focado no fortalecimento de pol\u00edticas p\u00fablicas p\u00e1ra mobiliza\u00e7\u00e3o e educa\u00e7\u00e3o para gest\u00e3o das \u00e1guas.<\/p>\n<p style=\"text-align: justify;\">OUTROS:<\/p>\n<div id=\"colRight\" style=\"text-align: justify;\">\n<div id=\"inner\">\n<h2>blogs<\/h2>\n<ul>\n<li><a title=\"JORNAL DA SERRA DA MOEDA \" href=\"https:\/\/docs.google.com\/open?id=0B66TtT_YnoXvM2MxYmFmODktYzZlMy00NzgxLWI5NmMtMDgyMTVkNmI4OGVl\">ACOMPANHE O ESFOR\u00c7O DA COMUNIDADE DA SERRA DA MOEDA<\/a><\/li>\n<li><a href=\"http:\/\/www.aguasdogandarela.org\/page\/dossie-gandarela\" target=\"_blank\">Aguas do Gandarela<\/a><\/li>\n<li><a href=\"http:\/\/www.salveomarcodastresfronteiras.blogspot.com\/\">AGUAS TRANSFROINTEIRI\u00c7AS MOVIMENTO TR\u00cdPLICE FRONTEIRA<\/a><\/li>\n<li><a title=\"REDE DE ENTIDADES DAS BACIAS DOS RIOS AMAZ\u00d4NICOS  \" href=\"http:\/\/www.movimentotapajosvivo.com.br\/site\/\">ALIAN\u00c7A TAPAJ\u00d3S LIVRE<\/a><\/li>\n<li><a title=\"PUBLICA\u00c7\u00c3O DE ONG DO SUL DE MINAS GERAIS \" href=\"http:\/\/www.amanhagua.org\/informativos\/informativo-amanhagua_numero13.\">AMANH\u00c1GUA \u2013 AGUAS EM BEAPENDI<\/a><\/li>\n<li><a title=\"ESTA ONG DO SUL DE MINAS DESENVOLVE ATIVIDADES EM PROL DAS \u00c1GUAS NA REGI\u00c3O.SU\" href=\"http:\/\/www.amanhagua.org\/informativos\/informativo-amanhagua_numero13.pdf\">AMANH\u00c1GUA-ONGBEAPENDIMG<\/a><\/li>\n<li><a href=\"http:\/\/www.ana.gov.br\" target=\"_blank\">ANA \u2013 Ag\u00eancia Nacional de \u00c1guas<\/a><\/li>\n<li><a title=\"aRTIGOS E COMENT\u00c1RIOS DO SOCI\u00d3LOGO jO\u00c3O cL\u00cdMACO SOBRE OS RUMOS DAS POLITICAS ESTADUAIS E NACIONAL DE RECURSOS H\u00cdDRICOS \" href=\"http:\/\/joaoclimacofilho.blogspot.com\/\">ANALISES E AVALIA\u00c7\u00d5ES SOBRE AS POL\u00cdTICAS DE \u00c1GUA<\/a><\/li>\n<li><a href=\"http:\/\/www.cbh.gov.br\/\" target=\"_blank\">CBH \u2013 Comit\u00eas de Bacias Hidrogr\u00e1ficas<\/a><\/li>\n<li><a title=\"ESTE RELAT\u00d3RIO \u00c9 EDITADO PELA AGENCIA NACIONAL DE AGUAS FUNDADO NA RESOLU\u00c7\u00c3O 58 ART. 2 DO CNRH CONSELHO NACIOMNAL DE RECURSOS H\u00cdDRICOS  \" href=\"http:\/\/conjuntura.ana.gov.br\/conjuntura\/\">CONJUNTURA DOS RECURSOS HIDRICOS NO BRASIL<\/a><\/li>\n<li><a href=\"http:\/\/www.crinfo.com.br\" target=\"_blank\">CR INFO<\/a><\/li>\n<li><a title=\"CAMPANHA  PELO PARQUE NACIONAL DA GANDARELLA  \" href=\"http:\/\/www.youtube.com\/watch?v=UXt5vEU7UCM\">DEFENDA GANDARELLA<\/a><\/li>\n<li><a href=\"http:\/\/www.endwaterpoverty.org\">END WATER POVERTY<\/a><\/li>\n<li><a href=\"http:\/\/www.wearewater.org\">FUNDA\u00c7\u00c3O SOMOS \u00c1GUA<\/a><\/li>\n<li><a href=\"http:\/\/www.portalcuencas.net\">GEST\u00c3O INTEGRADA DE BACIAS HIDROGR\u00c1FICAS<\/a><\/li>\n<li><a href=\"http:\/\/www.grupos.com.br\/group\/fonasc.cbh\" target=\"_blank\">Lista de discurs\u00e3o<\/a><\/li>\n<li><a href=\"http:\/\/www.youtube.com\/watch?v=kp5dwON3q4o&amp;feature=share\">OS ESTUDANTES DO XINGU?<\/a><\/li>\n<li><a title=\"CAMPANHA  PELO PARQUE NACIONAL DA GANDARELLA  \" href=\"http:\/\/www.aguasdogandarela.org\/page\/dossie-gandarela\">PELO PARQUE NACIONAL GANDARELA<\/a><\/li>\n<li><a href=\"http:\/\/www.cnrh.gov.br\" target=\"_blank\">Politica Nacional de Recursos Hidricos<\/a><\/li>\n<li><a title=\" \u00c9 a Gota D\u2019 \u00c1gua +10 \" href=\"http:\/\/vimeo.com\/32115701\">SOBRE BELO MONTE<\/a><\/li>\n<li><a href=\"http:\/\/sosriosdobrasil.blogspot.com\/2011\/12\/mapa-de-qualidade-das-praias-paulistas.html\">SOS RIOS DO BRASIL<\/a><\/li>\n<li><a title=\"IMPORTANTE CONTRIBUI\u00c7\u00c3O SOBRE A SITUA\u00c7\u00c3O DOS RIOS BRASILEIROS  \" href=\"http:\/\/sosriosdobrasil.blogspot.com\/2012\/01\/desbloquearam-as-postagens-da-pagina-do.html\">SOS RIOS DO BRASIL<\/a><\/li>\n<li><a title=\"http:\/\/laredvida.org\/noticias.php?tipo_noticia=Noticia\" href=\"http:\/\/www.larevida.org\">VIGILANCIA INTERAMERICANA DE DEFESA E DIREITOS \u00c0 AGUA<\/a><\/li>\n<li><a href=\"http:\/\/www.wasa-gn.net\">water assseement and advisory global network<\/a><\/li>\n<\/ul>\n<h2>V\u00eddeo<\/h2>\n<div><object width=\"250\" height=\"205\" classid=\"clsid:d27cdb6e-ae6d-11cf-96b8-444553540000\" codebase=\"http:\/\/download.macromedia.com\/pub\/shockwave\/cabs\/flash\/swflash.cab#version=6,0,40,0\"><param name=\"allowFullScreen\" value=\"true\" \/><param name=\"allowScriptAccess\" value=\"always\" \/><param name=\"src\" value=\"http:\/\/www.youtube.com\/v\/Cy4ECk8Ag-8?version=3\" \/><param name=\"allowfullscreen\" value=\"true\" \/><param name=\"allowscriptaccess\" value=\"always\" \/><embed width=\"250\" height=\"205\" type=\"application\/x-shockwave-flash\" src=\"http:\/\/www.youtube.com\/v\/Cy4ECk8Ag-8?version=3\" allowFullScreen=\"true\" allowScriptAccess=\"always\" allowfullscreen=\"true\" allowscriptaccess=\"always\" \/><\/object><\/div>\n<h2>RECENTES<\/h2>\n<ul>\n<li><a title=\"MPF MANDA CORRESPOND\u00caNCIA A MINISTRA IZABELA DO MMA  DESQUALIFICANDO COMPETENCIA DA RESOLU\u00c7\u00c3O  100 DO CNRH QUE IMPEDE PARTICIPA\u00c7\u00c3O SOCIAL\" href=\"https:\/\/fonasc-cbh.org.br\/?p=2987\">MPF MANDA CORRESPOND\u00caNCIA A MINISTRA IZABELA DO MMA\u00a0 DESQUALIFICANDO COMPETENCIA DA RESOLU\u00c7\u00c3O\u00a0 100 DO CNRH QUE IMPEDE PARTICIPA\u00c7\u00c3O SOCIAL<\/a><\/li>\n<li><a title=\"ALERTAS FONASC\" href=\"https:\/\/fonasc-cbh.org.br\/?p=2797\">ALERTAS FONASC<\/a><\/li>\n<li><a title=\"REVISTAS DAS AGUAS DO MPF\" href=\"https:\/\/fonasc-cbh.org.br\/?p=2879\">REVISTAS DAS AGUAS DO MPF<\/a><\/li>\n<li><a title=\"CIDADANIA HIDRICA DE RAFAEL FILIPPIN\" href=\"https:\/\/fonasc-cbh.org.br\/?p=2840\">CIDADANIA HIDRICA DE RAFAEL FILIPPIN<\/a><\/li>\n<li><a title=\"CIDADANIA HIDRICA DE DEBORA FERNANDES CALHEIROS\" href=\"https:\/\/fonasc-cbh.org.br\/?p=2824\">CIDADANIA HIDRICA DE DEBORA FERNANDES CALHEIROS<\/a><\/li>\n<li><a title=\"ALERTA FONASC \u2013 RIO IRANI \u2013 SC\" href=\"https:\/\/fonasc-cbh.org.br\/?p=2775\">ALERTA FONASC \u2013 RIO IRANI \u2013 SC<\/a><\/li>\n<li><a title=\"Cidadania h\u00eddrica de Laura Moura\" href=\"https:\/\/fonasc-cbh.org.br\/?p=2358\">Cidadania h\u00eddrica de Laura Moura<\/a><\/li>\n<li><a title=\"Inscri\u00e7\u00f5es abertas para curso online sobre pr\u00e1ticas e procedimentos de CBHs\" href=\"https:\/\/fonasc-cbh.org.br\/?p=2303\">Inscri\u00e7\u00f5es abertas para curso online sobre pr\u00e1ticas e procedimentos de CBHs<\/a><\/li>\n<\/ul>\n<\/div>\n<\/div>\n<p style=\"text-align: justify;\"><strong><!-- end colRight -->___________________________________________________________<\/strong><\/p>\n","protected":false},"excerpt":{"rendered":"<p>FONASC NA CTEM ( C\u00e2mara T\u00e9cnica de\u00a0 Educa\u00e7\u00e3o, Capacita\u00e7\u00e3o, Mobiliza\u00e7\u00e3o Social e Informa\u00e7\u00e3o em Recursos H\u00eddricos \u2013 CTEM DOCTOS FONASC:&#8230;<\/p>\n","protected":false},"author":3,"featured_media":0,"parent":2817,"menu_order":0,"comment_status":"closed","ping_status":"open","template":"","meta":{"footnotes":""},"_links":{"self":[{"href":"https:\/\/fonasc-cbh.org.br\/index.php?rest_route=\/wp\/v2\/pages\/3188"}],"collection":[{"href":"https:\/\/fonasc-cbh.org.br\/index.php?rest_route=\/wp\/v2\/pages"}],"about":[{"href":"https:\/\/fonasc-cbh.org.br\/index.php?rest_route=\/wp\/v2\/types\/page"}],"author":[{"embeddable":true,"href":"https:\/\/fonasc-cbh.org.br\/index.php?rest_route=\/wp\/v2\/users\/3"}],"replies":[{"embeddable":true,"href":"https:\/\/fonasc-cbh.org.br\/index.php?rest_route=%2Fwp%2Fv2%2Fcomments&post=3188"}],"version-history":[{"count":17,"href":"https:\/\/fonasc-cbh.org.br\/index.php?rest_route=\/wp\/v2\/pages\/3188\/revisions"}],"predecessor-version":[{"id":3258,"href":"https:\/\/fonasc-cbh.org.br\/index.php?rest_route=\/wp\/v2\/pages\/3188\/revisions\/3258"}],"up":[{"embeddable":true,"href":"https:\/\/fonasc-cbh.org.br\/index.php?rest_route=\/wp\/v2\/pages\/2817"}],"wp:attachment":[{"href":"https:\/\/fonasc-cbh.org.br\/index.php?rest_route=%2Fwp%2Fv2%2Fmedia&parent=3188"}],"curies":[{"name":"wp","href":"https:\/\/api.w.org\/{rel}","templated":true}]}}