{"id":3001,"date":"2012-03-13T15:12:24","date_gmt":"2012-03-13T15:12:24","guid":{"rendered":"http:\/\/fonasc-cbh.org.br\/?page_id=3001"},"modified":"2023-06-06T20:42:25","modified_gmt":"2023-06-06T20:42:25","slug":"o-que-fazemos","status":"publish","type":"page","link":"https:\/\/fonasc-cbh.org.br\/?page_id=3001","title":{"rendered":"O QUE FAZ"},"content":{"rendered":"<p><img loading=\"lazy\" decoding=\"async\" src=\"https:\/\/fonasc-cbh.org.br\/wp-content\/uploads\/548783_458528947538004_182206721_n-e1359328416718.jpg\" alt=\"O FONASC AJUDA A PROTEGER AS \u00c1GUAS PUBLICAS DO BRASIL\" width=\"480\" height=\"202\"><\/p>\n<p>&nbsp;<\/p>\n<p>&nbsp;<\/p>\n<ul>\n<li><a title=\"NOS ESTADOS\" href=\"https:\/\/fonasc-cbh.org.br\/?page_id=5230\">NOS ESTADOS<\/a><\/li>\n<li><a title=\"A\u00c7\u00c3O POLITICA\" href=\"https:\/\/fonasc-cbh.org.br\/?page_id=2869\">A\u00c7\u00c3O POLITICA<\/a><\/li>\n<li><a title=\"ACONTECENDO\" href=\"https:\/\/fonasc-cbh.org.br\/?page_id=4296\">ACONTECENDO<\/a><\/li>\n<li><a title=\"CAMPANHAS E DENUNCIAS\" href=\"https:\/\/fonasc-cbh.org.br\/?page_id=1475\">CAMPANHAS E DENUNCIAS<\/a><\/li>\n<li><a title=\"CON\" href=\"https:\/\/fonasc-cbh.org.br\/?p=456\" target=\"_blank\" rel=\"noopener\">CIBERATIVISMO<\/a><\/li>\n<li><a title=\"DESTAQUES\" href=\"https:\/\/fonasc-cbh.org.br\/?page_id=3102\">DESTAQUES<\/a><\/li>\n<li><a title=\"EDITORIAL\" href=\"https:\/\/fonasc-cbh.org.br\/?page_id=887\">EDITORIAL<\/a><\/li>\n<li><a title=\"ELEI\u00c7\u00d5ES CNRH\" href=\"https:\/\/fonasc-cbh.org.br\/?page_id=1698\">ELEI\u00c7\u00d5ES CNRH<strong>\u00bb<\/strong><\/a>\n<ul>\n<li><a title=\"ELEI\u00c7\u00c3O CNRH (documentos)\" href=\"https:\/\/fonasc-cbh.org.br\/?page_id=2857\">ELEI\u00c7\u00c3O CNRH (documentos)<strong>\u00bb<\/strong><\/a>\n<ul>\n<li><a title=\"INABILITADAS-Mar\u00e7o 2012\" href=\"https:\/\/fonasc-cbh.org.br\/?page_id=3836\">INABILITADAS-Mar\u00e7o 2012<\/a><\/li>\n<li><a title=\"COMUNICADO COORDENA\u00c7\u00c3O\" href=\"https:\/\/fonasc-cbh.org.br\/?page_id=3930\">COMUNICADO COORDENA\u00c7\u00c3O<\/a><\/li>\n<li><a title=\"habilitadas \u2013 1 rela\u00e7\u00e3o\" href=\"https:\/\/fonasc-cbh.org.br\/?page_id=3839\">habilitadas \u2013 1 rela\u00e7\u00e3o<\/a><\/li>\n<li><a title=\"habilitadas p\u00f3s recursos 16\/04\" href=\"https:\/\/fonasc-cbh.org.br\/?page_id=3842\">habilitadas p\u00f3s recursos 16\/04<\/a><\/li>\n<li><a title=\"HABILITADOS pos liminar\" href=\"https:\/\/fonasc-cbh.org.br\/?page_id=3812\">HABILITADOS pos liminar<\/a><\/li>\n<li><a title=\"modelo procura\u00e7\u00e3o\" href=\"https:\/\/fonasc-cbh.org.br\/?page_id=3747\">modelo procura\u00e7\u00e3o<\/a><\/li>\n<li><a title=\"plano de trabalho no CNRH 2012-2015\" href=\"https:\/\/fonasc-cbh.org.br\/?page_id=3801\">plano de trabalho no CNRH 2012-2015<\/a><\/li>\n<li><a title=\"RESULTADO DAS ELEI\u00c7\u00d5ES\" href=\"https:\/\/fonasc-cbh.org.br\/?page_id=3876\">RESULTADO DAS ELEI\u00c7\u00d5ES<\/a><\/li>\n<\/ul>\n<\/li>\n<li><a title=\"ELEI\u00c7\u00c3O CNRH INFORMES\" href=\"https:\/\/fonasc-cbh.org.br\/?page_id=2853\">ELEI\u00c7\u00c3O CNRH INFORMES<\/a><\/li>\n<\/ul>\n<\/li>\n<li><a title=\"EVENTOS\" href=\"https:\/\/fonasc-cbh.org.br\/?page_id=3036\">EVENTOS<strong>\u00bb<\/strong><\/a>\n<ul>\n<li><a title=\"FONASC NA RIO + 20\" href=\"https:\/\/fonasc-cbh.org.br\/?page_id=4159\">FONASC NA RIO + 20<\/a><\/li>\n<li><a title=\"plataformadhesca\" href=\"https:\/\/fonasc-cbh.org.br\/?page_id=3456\">plataformadhesca<strong>\u00bb<\/strong><\/a>\n<ul>\n<li><a title=\"CARTAS DE APOIO\" href=\"https:\/\/fonasc-cbh.org.br\/?page_id=3479\">CARTAS DE APOIO<\/a><\/li>\n<\/ul>\n<\/li>\n<\/ul>\n<\/li>\n<li><a title=\"GALERIA DE ARTE\" href=\"https:\/\/fonasc-cbh.org.br\/?page_id=5402\">GALERIA DE ARTE<\/a><\/li>\n<li><a title=\"GRUPO DE DISCUSS\u00c3O\" href=\"https:\/\/fonasc-cbh.org.br\/?page_id=3083\">GRUPO DE DISCUSS\u00c3O<\/a><\/li>\n<li><a title=\"POL\u00cdTICA NACIONAL DE \u00c1GUAS\" href=\"https:\/\/fonasc-cbh.org.br\/?page_id=2623\">POL\u00cdTICA NACIONAL DE \u00c1GUAS<strong>\u00bb<\/strong><\/a>\n<ul>\n<li><a title=\"C\u00e2maras T\u00e9cnicas do CNRH\" href=\"https:\/\/fonasc-cbh.org.br\/?page_id=41\">C\u00e2maras T\u00e9cnicas do CNRH<\/a><\/li>\n<li><a title=\"C\u00e2maras T\u00e9cnicas Fonasc\" href=\"https:\/\/fonasc-cbh.org.br\/?page_id=174\">C\u00e2maras T\u00e9cnicas Fonasc<\/a><\/li>\n<li><a title=\"DIRETRIZES\" href=\"https:\/\/fonasc-cbh.org.br\/?page_id=4354\">DIRETRIZES<\/a><\/li>\n<li><a title=\"FLUXOGRAMA\" href=\"https:\/\/fonasc-cbh.org.br\/?page_id=2650\">FLUXOGRAMA<\/a><\/li>\n<li><a title=\"FUNDAMENTOS\" href=\"https:\/\/fonasc-cbh.org.br\/?page_id=4351\">FUNDAMENTOS<\/a><\/li>\n<li><a title=\"LEGISLA\u00c7\u00d5ES CORRELATAS\" href=\"https:\/\/fonasc-cbh.org.br\/?page_id=2643\">LEGISLA\u00c7\u00d5ES CORRELATAS<\/a><\/li>\n<li><a title=\"OBJETIVOS\" href=\"https:\/\/fonasc-cbh.org.br\/?page_id=4348\">OBJETIVOS<\/a><\/li>\n<li><a title=\"OBJETIVOS\" href=\"https:\/\/fonasc-cbh.org.br\/?page_id=4356\">OBJETIVOS<\/a><\/li>\n<li><a title=\"RIOS INSTRUMENTOS DE GEST\u00c3O\" href=\"https:\/\/fonasc-cbh.org.br\/?page_id=2219\">RIOS INSTRUMENTOS DE GEST\u00c3O<strong>\u00bb<\/strong><\/a>\n<ul>\n<li><a title=\"COBRANCA PELO USO DAS AGUAS\" href=\"https:\/\/fonasc-cbh.org.br\/?page_id=1048\">COBRANCA PELO USO DAS AGUAS<\/a><\/li>\n<li><a title=\"Enquadramento em classes\" href=\"https:\/\/fonasc-cbh.org.br\/?page_id=2428\">Enquadramento em classes<\/a><\/li>\n<li><a title=\"OUTORGA PARA USO DA \u00c1GUA\" href=\"https:\/\/fonasc-cbh.org.br\/?page_id=2241\">OUTORGA PARA USO DA \u00c1GUA<\/a><\/li>\n<li><a title=\"PLANOS DE RECURSOS H\u00cdDRICOS\" href=\"https:\/\/fonasc-cbh.org.br\/?page_id=2407\">PLANOS DE RECURSOS H\u00cdDRICOS<\/a><\/li>\n<li><a title=\"SISTEMA DE INFORMA\u00c7\u00d5ES\" href=\"https:\/\/fonasc-cbh.org.br\/?page_id=2584\">SISTEMA DE INFORMA\u00c7\u00d5ES<\/a><\/li>\n<\/ul>\n<\/li>\n<\/ul>\n<\/li>\n<li><a title=\"POLITICAS ESTADUAIS\" href=\"https:\/\/fonasc-cbh.org.br\/?page_id=3096\">POLITICAS ESTADUAIS<\/a><\/li>\n<li><a title=\"Programas e Projetos\" href=\"https:\/\/fonasc-cbh.org.br\/?page_id=35\">Programas e Projetos<strong>\u00bb<\/strong><\/a>\n<ul>\n<li><a title=\"PERCEP\u00c7\u00c3O DAS COMUNIDADES RIBEIRINHAS AFETADAS PELA PROLIFERA\u00c7\u00c3O DE HIDROEL\u00c9TRICAS NO SISTEMA BACIA DO ALTO PARAGUAI\/PANTANAL\" href=\"https:\/\/fonasc-cbh.org.br\/?page_id=5797\">PERCEP\u00c7\u00c3O DAS COMUNIDADES RIBEIRINHAS AFETADAS PELA PROLIFERA\u00c7\u00c3O DE HIDROEL\u00c9TRICAS NO SISTEMA BACIA DO ALTO PARAGUAI\/PANTANAL<\/a><\/li>\n<\/ul>\n<\/li>\n<li><a title=\"TV FONASC VIDEOS\" href=\"https:\/\/fonasc-cbh.org.br\/?page_id=1467\">TV FONASC VIDEOS<\/a><\/li>\n<li><a title=\"ASD\" href=\"https:\/\/fonasc-cbh.org.br\/?page_id=14159\" target=\"_blank\" rel=\"noopener\">OBSSERVATORIO DAS AGUAS PELO FONASC &nbsp;<\/a><\/li>\n<\/ul>\n","protected":false},"excerpt":{"rendered":"<p>&nbsp; &nbsp; NOS ESTADOS A\u00c7\u00c3O POLITICA ACONTECENDO CAMPANHAS E DENUNCIAS CIBERATIVISMO DESTAQUES EDITORIAL ELEI\u00c7\u00d5ES CNRH\u00bb ELEI\u00c7\u00c3O CNRH (documentos)\u00bb INABILITADAS-Mar\u00e7o 2012&#8230;<\/p>\n","protected":false},"author":3,"featured_media":0,"parent":2,"menu_order":0,"comment_status":"closed","ping_status":"open","template":"","meta":{"footnotes":""},"_links":{"self":[{"href":"https:\/\/fonasc-cbh.org.br\/index.php?rest_route=\/wp\/v2\/pages\/3001"}],"collection":[{"href":"https:\/\/fonasc-cbh.org.br\/index.php?rest_route=\/wp\/v2\/pages"}],"about":[{"href":"https:\/\/fonasc-cbh.org.br\/index.php?rest_route=\/wp\/v2\/types\/page"}],"author":[{"embeddable":true,"href":"https:\/\/fonasc-cbh.org.br\/index.php?rest_route=\/wp\/v2\/users\/3"}],"replies":[{"embeddable":true,"href":"https:\/\/fonasc-cbh.org.br\/index.php?rest_route=%2Fwp%2Fv2%2Fcomments&post=3001"}],"version-history":[{"count":20,"href":"https:\/\/fonasc-cbh.org.br\/index.php?rest_route=\/wp\/v2\/pages\/3001\/revisions"}],"predecessor-version":[{"id":26437,"href":"https:\/\/fonasc-cbh.org.br\/index.php?rest_route=\/wp\/v2\/pages\/3001\/revisions\/26437"}],"up":[{"embeddable":true,"href":"https:\/\/fonasc-cbh.org.br\/index.php?rest_route=\/wp\/v2\/pages\/2"}],"wp:attachment":[{"href":"https:\/\/fonasc-cbh.org.br\/index.php?rest_route=%2Fwp%2Fv2%2Fmedia&parent=3001"}],"curies":[{"name":"wp","href":"https:\/\/api.w.org\/{rel}","templated":true}]}}