{"id":17030,"date":"2017-02-04T16:32:54","date_gmt":"2017-02-04T16:32:54","guid":{"rendered":"http:\/\/fonasc-cbh.org.br\/?page_id=17030"},"modified":"2018-02-19T18:24:33","modified_gmt":"2018-02-19T18:24:33","slug":"fonasc-maranhao","status":"publish","type":"page","link":"https:\/\/fonasc-cbh.org.br\/?page_id=17030","title":{"rendered":"FONASC MARANHAO"},"content":{"rendered":"<p>&nbsp;<\/p>\n<p><img decoding=\"async\" src=\"https:\/\/fonasc-cbh.org.br\/wp-content\/uploads\/maranhao2.gif\" alt=\"\" \/><\/p>\n<p>&nbsp;<\/p>\n<p><a title=\"asd\" href=\"ACESSE https:\/\/fonasc-cbh.org.br\/?s=maranhao \" target=\"_blank\">VEJA AS ATIVIDADES DO FONASC NO ESTADO DO MARANHAO<\/a><\/p>\n<p>O FONASC MANTEM UMA UNIDADE DE ACOMPANHAMENTO DE PROJETOS E A\u00c7\u00d5ES COORDENADAS A PARTIR DO ESCRITORIO S\u00c3O LUIZ NA RUA 3 QUADRA 3 &#8211; LOTE 03- PING\u00c3O \u00a0ANIL &#8211; S\u00c3O LUIZ-<\/p>\n<p><a title=\"KKKK\" href=\"https:\/\/fonasc-cbh.org.br\/?wpfb_dl=199\" target=\"_blank\">HISTORICO<\/a><\/p>\n<p>PROJETOS<\/p>\n<p>ENDERE\u00c7O<\/p>\n<p><a title=\"ASD\" href=\"ATUA\u00c7\u00c3O DO FONASC NO CONERH\" target=\"_blank\">ATUA\u00c7\u00c3O NO CONERH -MA CONSELHO ESTADUAL DE RECURSOS HIDRICOS E COMITES DE BACIAS<\/a><\/p>\n<p>DOCUMENTOS<\/p>\n<p><strong><a title=\"asd\" href=\"https:\/\/fonasc-cbh.org.br\/?s=maranhao \" target=\"_blank\">NOTICIAS<\/a>\u00a0ANTERIORES A 2013<\/strong><\/p>\n<h2><a style=\"font-size: 13px; font-weight: normal;\" title=\"Editar \u201cTV FONASC \u2013 FONASC PARTICIPA E APOIA \u2013 Audi\u00eancia p\u00fablica NA CAMARA FEDERAL   discute impactos ambientais da obra da Usina Hidrel\u00e9trica de Estreito\u201d\" href=\"https:\/\/fonasc-cbh.org.br\/wp-admin\/post.php?post=9540&amp;action=edit\">TV FONASC \u2013 FONASC PARTICIPA E APOIA \u2013 Audi\u00eancia p\u00fablica NA CAMARA FEDERAL\u00a0\u00a0 discute impactos ambientais da obra da Usina Hidrel\u00e9trica de Estreito<\/a><span style=\"font-size: 13px; font-weight: normal;\">\u00a0Audi\u00eancia p\u00fablica discute impactos ambientais da obra da Usina Hidrel\u00e9trica de Estreito A Comiss\u00e3o de Meio Ambiente e Desenvolvimento Sustent\u00e1vel \u2013 CMADS, da C\u00e2mara dos Deputados realiza na pr\u00f3xima ter\u00e7a-feira, 15 de outubro, \u00e0s [&#8230;]<\/span><\/h2>\n<p><a title=\"Editar \u201cFONASC -MA PROGRAMA DE MOBILIZA\u00c7\u00c3O SOCIAL E EDUCA\u00c7\u00c3O AMBIENTAL \u2013 IV Conferencia Infanto Juvenil  pelo Meio Ambiente\u201d\" href=\"https:\/\/fonasc-cbh.org.br\/wp-admin\/post.php?post=9485&amp;action=edit\">FONASC -MA PROGRAMA DE MOBILIZA\u00c7\u00c3O SOCIAL E EDUCA\u00c7\u00c3O AMBIENTAL \u2013 IV Conferencia Infanto Juvenil\u00a0 pelo Meio Ambiente<\/a><\/p>\n<p>&nbsp;<\/p>\n<p>Veja todas as not\u00edcias sobre o Maranh\u00e3o e atua\u00e7\u00e3o do Fonasc no CONERH<\/p>\n<blockquote class=\"wp-embedded-content\" data-secret=\"1Tfc2ZbWo6\"><p><a href=\"https:\/\/fonasc-cbh.org.br\/\">Home<\/a><\/p><\/blockquote>\n<p><iframe class=\"wp-embedded-content\" sandbox=\"allow-scripts\" security=\"restricted\" style=\"position: absolute; clip: rect(1px, 1px, 1px, 1px);\" title=\"&#8220;Home&#8221; &#8212; FONASC-CBH\" src=\"https:\/\/fonasc-cbh.org.br\/?embed=true#?secret=TymZuQdUwg#?secret=1Tfc2ZbWo6\" data-secret=\"1Tfc2ZbWo6\" width=\"600\" height=\"338\" frameborder=\"0\" marginwidth=\"0\" marginheight=\"0\" scrolling=\"no\"><\/iframe><\/p>\n<p>&nbsp;<\/p>\n<p>&nbsp;<\/p>\n<p>&nbsp;<\/p>\n","protected":false},"excerpt":{"rendered":"<p>&nbsp; &nbsp; VEJA AS ATIVIDADES DO FONASC NO ESTADO DO MARANHAO O FONASC MANTEM UMA UNIDADE DE ACOMPANHAMENTO DE PROJETOS&#8230;<\/p>\n","protected":false},"author":2,"featured_media":0,"parent":1399,"menu_order":0,"comment_status":"closed","ping_status":"open","template":"","meta":{"footnotes":""},"_links":{"self":[{"href":"https:\/\/fonasc-cbh.org.br\/index.php?rest_route=\/wp\/v2\/pages\/17030"}],"collection":[{"href":"https:\/\/fonasc-cbh.org.br\/index.php?rest_route=\/wp\/v2\/pages"}],"about":[{"href":"https:\/\/fonasc-cbh.org.br\/index.php?rest_route=\/wp\/v2\/types\/page"}],"author":[{"embeddable":true,"href":"https:\/\/fonasc-cbh.org.br\/index.php?rest_route=\/wp\/v2\/users\/2"}],"replies":[{"embeddable":true,"href":"https:\/\/fonasc-cbh.org.br\/index.php?rest_route=%2Fwp%2Fv2%2Fcomments&post=17030"}],"version-history":[{"count":8,"href":"https:\/\/fonasc-cbh.org.br\/index.php?rest_route=\/wp\/v2\/pages\/17030\/revisions"}],"predecessor-version":[{"id":17032,"href":"https:\/\/fonasc-cbh.org.br\/index.php?rest_route=\/wp\/v2\/pages\/17030\/revisions\/17032"}],"up":[{"embeddable":true,"href":"https:\/\/fonasc-cbh.org.br\/index.php?rest_route=\/wp\/v2\/pages\/1399"}],"wp:attachment":[{"href":"https:\/\/fonasc-cbh.org.br\/index.php?rest_route=%2Fwp%2Fv2%2Fmedia&parent=17030"}],"curies":[{"name":"wp","href":"https:\/\/api.w.org\/{rel}","templated":true}]}}

<p>&nbsp;</p>
<p><img decoding="async" src="https://fonasc-cbh.org.br/wp-content/uploads/maranhao2.gif" alt="" /></p>
<p>&nbsp;</p>
<p><a title="asd" href="ACESSE https://fonasc-cbh.org.br/?s=maranhao " target="_blank">VEJA AS ATIVIDADES DO FONASC NO ESTADO DO MARANHAO</a></p>
<p>O FONASC MANTEM UMA UNIDADE DE ACOMPANHAMENTO DE PROJETOS E AÇÕES COORDENADAS A PARTIR DO ESCRITORIO SÃO LUIZ NA RUA 3 QUADRA 3 &#8211; LOTE 03- PINGÃO  ANIL &#8211; SÃO LUIZ-</p>
<p><a title="KKKK" href="https://fonasc-cbh.org.br/?wpfb_dl=199" target="_blank">HISTORICO</a></p>
<p>PROJETOS</p>
<p>ENDEREÇO</p>
<p><a title="ASD" href="ATUAÇÃO DO FONASC NO CONERH" target="_blank">ATUAÇÃO NO CONERH -MA CONSELHO ESTADUAL DE RECURSOS HIDRICOS E COMITES DE BACIAS</a></p>
<p>DOCUMENTOS</p>
<p><strong><a title="asd" href="https://fonasc-cbh.org.br/?s=maranhao " target="_blank">NOTICIAS</a> ANTERIORES A 2013</strong></p>
<h2><a style="font-size: 13px; font-weight: normal;" title="Editar “TV FONASC – FONASC PARTICIPA E APOIA – Audiência pública NA CAMARA FEDERAL   discute impactos ambientais da obra da Usina Hidrelétrica de Estreito”" href="https://fonasc-cbh.org.br/wp-admin/post.php?post=9540&amp;action=edit">TV FONASC – FONASC PARTICIPA E APOIA – Audiência pública NA CAMARA FEDERAL   discute impactos ambientais da obra da Usina Hidrelétrica de Estreito</a><span style="font-size: 13px; font-weight: normal;"> Audiência pública discute impactos ambientais da obra da Usina Hidrelétrica de Estreito A Comissão de Meio Ambiente e Desenvolvimento Sustentável – CMADS, da Câmara dos Deputados realiza na próxima terça-feira, 15 de outubro, às [&#8230;]</span></h2>
<p><a title="Editar “FONASC -MA PROGRAMA DE MOBILIZAÇÃO SOCIAL E EDUCAÇÃO AMBIENTAL – IV Conferencia Infanto Juvenil  pelo Meio Ambiente”" href="https://fonasc-cbh.org.br/wp-admin/post.php?post=9485&amp;action=edit">FONASC -MA PROGRAMA DE MOBILIZAÇÃO SOCIAL E EDUCAÇÃO AMBIENTAL – IV Conferencia Infanto Juvenil  pelo Meio Ambiente</a></p>
<p>&nbsp;</p>
<p>Veja todas as notícias sobre o Maranhão e atuação do Fonasc no CONERH</p>
<blockquote class="wp-embedded-content" data-secret="1Tfc2ZbWo6"><p><a href="https://fonasc-cbh.org.br/">Home</a></p></blockquote>
<p><iframe class="wp-embedded-content" sandbox="allow-scripts" security="restricted" style="position: absolute; clip: rect(1px, 1px, 1px, 1px);" title="&#8220;Home&#8221; &#8212; FONASC-CBH" src="https://fonasc-cbh.org.br/?embed=true#?secret=TymZuQdUwg#?secret=1Tfc2ZbWo6" data-secret="1Tfc2ZbWo6" width="600" height="338" frameborder="0" marginwidth="0" marginheight="0" scrolling="no"></iframe></p>
<p>&nbsp;</p>
<p>&nbsp;</p>
<p>&nbsp;</p>
