{"id":1622,"date":"2012-01-07T06:46:25","date_gmt":"2012-01-07T06:46:25","guid":{"rendered":"http:\/\/fonasc-cbh.org.br\/?page_id=1622"},"modified":"2015-05-22T22:28:20","modified_gmt":"2015-05-22T22:28:20","slug":"publicacoes","status":"publish","type":"page","link":"https:\/\/fonasc-cbh.org.br\/?page_id=1622","title":{"rendered":"PUBLICA\u00c7\u00d5ES"},"content":{"rendered":"<p><a title=\"ASD\" href=\"https:\/\/fonasc-cbh.org.br\/?s=divulga\">VEJA CONSOLIDADO DE PUBLICACOES DIVULGADA PELO FONASC \u00a0https:\/\/fonasc-cbh.org.br\/?s=divulga<\/a><\/p>\n<p>MAIO 2013 &#8211;<\/p>\n<p><a title=\"AGUA\" href=\"https:\/\/drive.google.com\/a\/fonasc-cbh.org.br\/?tab=mo#all\" target=\"_blank\">PESQUISA WWF &#8211; SOBRE VIS\u00c3O DA POPULA\u00c7\u00c3O SOBRE OS USOS DOS RECURSOS H\u00cdDRICOS<\/a><\/p>\n<p><a href=\"https:\/\/docs.google.com\/file\/d\/0B0AbQ_bvecHEeDdvQWhKZWxyejQ\/edit?usp=sharing\" target=\"_blank\">MANUAL DE USO DAS \u00c1GUAS <\/a>&#8211; livro texto basico sobre a legisla\u00e7\u00e3o dos recursos hidricos<\/p>\n<p>MARCO 2013 leisla\u00e7\u00e3o sobre &#8211;<\/p>\n<p><a title=\"XX\" href=\"https:\/\/docs.google.com\/file\/d\/0B66TtT_YnoXvWkdDdEROdzdtcTQ\/edit?usp=sharing\" target=\"_blank\"><strong>FONASC-CBH DIVULGA PUBLICA\u00c7\u00c3O \u201cOS DILEMAS DA PROPOSTA DO NOVO CODIGO DE MINERA\u00c7\u00c3O <\/strong> ACESSE <\/a><\/p>\n<p>_____________________________________________________________<\/p>\n<p>&nbsp;<\/p>\n<p>jan 2013 &#8211; MG -FONASC DIVULGA REVISTA \u2013 Edi\u00e7\u00e3o Especial sobre Minera\u00e7\u00e3o da Revista do Minist\u00e9rio P\u00fablico do Estado de Minas Gerais<\/p>\n<p>acesse https:\/\/fonasc-cbh.org.br\/?wpfb_dl=276<\/p>\n<p>_____________________________________________________________________<\/p>\n<p>FONASC DIVULGA LIVRO \u201cNascentes: Produ\u00e7\u00e3o, Capta\u00e7\u00e3o e Cuidados com a \u00c1gua para Consumo Dom\u00e9stico\u201dO livro trata sobre os diferentes aspectos hidrol\u00f3gicos e agr\u00edcolas que promovem a \u201cprodu\u00e7\u00e3o de \u00e1gua\u201d numa bacia hidrogr\u00e1fica e\/ou na propriedade rural, dando destaque aos m\u00e9todos de conserva\u00e7\u00e3o da \u00e1gua aplic\u00e1veis na meia encosta em \u00e1reas de cultivo agr\u00edcola.O termo produ\u00e7\u00e3o de \u00e1gua \u00e9 contextualizado em sua ess\u00eancia s\u00f3 que sob uma nova \u00f3tica s\u00f3cio-econ\u00f4mica e ambiental. Os autores a definem e a explicam, como \u201cA capacidade de uma unidade de \u00e1rea em captar a maior quantidade de \u00e1gua de precipita\u00e7\u00e3o poss\u00edvel e liber\u00e1-la (atrav\u00e9s das nascentes ou do fluxo de base), na sua maior parte, resultando uma vaz\u00e3o, em todo o corpo d\u2019\u00e1gua receptor, mais uniforme e num maior per\u00edodo de tempo poss\u00edvel\u201d.<a title=\"liivro \" href=\"https:\/\/fonasc-cbh.org.br\/?page_id=4535 \" target=\"_blank\">Veja mais<\/a> em https:\/\/fonasc-cbh.org.br\/?page_id=4535<\/p>\n<p>_____________________________________________________________________<\/p>\n<p style=\"text-align: justify;\"><strong><em><\/em><\/strong>15-\u00a0Saiu A Revista Desenvolvimento e Meio Ambiente <a href=\"http:\/\/ojs.c3sl.ufpr.br\/ojs2\/index.php\/made\/index\" rel=\"nofollow\" target=\"_blank\">http:\/\/ojs.c3sl.ufpr.br\/ojs2\/index.php\/made\/index<\/a> acaba de publicar o seu primeiro n\u00famero de 2012. O N\u00famero 25 apresenta um dossi\u00ea tem\u00e1tico intitulado \u201cEstado, Sociedade e Meio Ambiente\u201d. Al\u00e9m dos artigos que comp\u00f5em este dossi\u00ea, outros com temas diversos integram o presente n\u00famero deste peri\u00f3dico.<\/p>\n<p>14 &#8211;<a title=\"ANA \" href=\"http:\/\/arquivos.ana.gov.br\/imprensa\/arquivos\/Conjuntura2012.pdf\" target=\"_blank\">SAIU O RELATORIO CONJUNTURA DOS RECURSOS HIDRICOS NO BRASIL\u00a0 ANA\/ <\/a><\/p>\n<p><strong><em><a title=\"historia da sbarragens \" href=\"http:\/\/www.cbdb.org.br\/documentos\/A_Historia_das_Barragens_no_Brasil.pdf\" target=\"_blank\">13 &#8211; HISTORIA DAS BARRAGENS ( por quem as construiu)\u00a0<\/a><\/em><\/strong><\/p>\n<p><strong><em>12 -AGUA E MUDAN\u00c7AS CLIM\u00c1TICAS\u00a0<\/em><\/strong><\/p>\n<p><strong>\u00a0Ficha T\u00e9cnica:<\/strong><br \/>\nT\u00edtulo: <a href=\"http:\/\/www.fbb.org.br\/lumis\/portal\/file\/fileDownload.jsp?fileId=8AE389DB3557870101355E200E67070B\" rel=\"nofollow\" target=\"_blank\">\u00c1gua e Mudan\u00e7as Clim\u00e1ticas \u2013 Tecnologias Sociais e A\u00e7\u00e3o Comunit\u00e1ria<\/a><br \/>\nEditoria: Funda\u00e7\u00e3o Banco do Brasil e Centro de Documenta\u00e7\u00e3o Eloy Ferreira da Silva (Cedefes)<br \/>\nAutor: Milton Nogueira da Silva<br \/>\nPublica\u00e7\u00e3o: Belo Horizonte 2012, 120 p\u00e1ginas<br \/>\nCap\u00edtulos: 1. Climatologia. Funda\u00e7\u00e3o Banco do Brasil. 2. \u00c1gua. 3. Desenvolvimento sustent\u00e1vel 4. Mudan\u00e7a clim\u00e1tica. 5.Pol\u00edtica p\u00fablica. 6. Tecnologia social. 7. Impacto ambiental<br \/>\nDispon\u00edvel em:<a title=\"AGUA E MUDAN\u00c7AS CLIMNATICAS \" href=\" http:\/\/www.fbb.org.br\/lumis\/portal\/file\/fileDownload.jsp?fileId=8AE389DB3557870101355E200E67070B\" target=\"_blank\"> http:\/\/www.fbb.org.br\/lumis\/portal\/file\/fileDownload.jsp?fileId=8AE389DB3557870101355E200E67070B<\/a><\/p>\n<p><em>* Indica\u00e7\u00e3o enviada por Valdir Lamim-Guedes, Bi\u00f3logo e Mestre em Ecologia de Biomas Tropicais, Universidade Federal de Ouro Preto. Professor-Visitante Universidade Nacional de Timor-Leste.<\/em><\/p>\n<p>11 &#8211; <a href=\"http:\/\/www.ecodebate.com.br\/aeq\" rel=\"nofollow\" target=\"_blank\">EcoDebate<\/a>, 10\/02\/2012<\/p>\n<p><strong><em>\u00a0<\/em><\/strong><strong><em>10 &#8211; <a title=\"REVISTA DO MPF \" href=\"http:\/\/revistadasaguas.pgr.mpf.gov.br\/camaras\/aguas\/edicoes-da-revista\/edicao-atual\/\" target=\"_blank\">Acesse a revista do MPF com artigos de membros e colaboradores do\u00a0FONASC\u00a0<\/a><\/em><\/strong><\/p>\n<p><strong><em>9 &#8211; Publiquei livro intitulado <em><strong>Resolu\u00e7\u00e3o de Conflitos em Recursos H\u00eddricos<\/strong><\/em>. Eis o site com informa\u00e7\u00f5es sobre o livro &#8211;<a title=\"conflitos \" href=\"Publiquei livro intitulado Resolu\u00e7\u00e3o de Conflitos em Recursos H\u00eddricos. Eis o site com informa\u00e7\u00f5es sobre o livro - http:\/\/www.amazon.com\/Resolu%C3%A7%C3%A3o-Conflitos-Recursos-Portuguese-ebook\/dp\/B006ZZ0R5W\" target=\"_blank\"> http:\/\/www.amazon.com\/Resolu%C3%A7%C3%A3o-Conflitos-9 &#8211; Recursos-Portuguese-ebook\/dp\/B006ZZ0R5W<\/a><\/em><\/strong><\/p>\n<p><strong><em>8 &#8211; <a title=\"LINKS\" href=\"https:\/\/fonasc-cbh.org.br\/?page_id=386\">AMANH\u00c1GUA <\/a><\/em><\/strong><\/p>\n<p><strong><em>7 &#8211; <a title=\"PUBLICADO PELA AGEBNCIA NACIONAL DE \u00c1GUAS  CONFORME  RESOLU\u00c7\u00c3O DO CNRH \" href=\"http:\/\/conjuntura.ana.gov.br\/conjuntura\/\" target=\"_blank\">CONJUNTURA DOS RECURSOS H\u00cdDRICOS NO BRASIL\u00a0<\/a><\/em><\/strong><\/p>\n<p><strong><em>6 &#8211; <a title=\"ACOMPANHE OS ESFOR\u00c7OS DA POPULA\u00c7\u00c3O DA SERRA DA MOEDA - MG   \" href=\"https:\/\/docs.google.com\/a\/fonasc-cbh.org.br\/viewer?a=v&amp;pid=explorer&amp;chrome=true&amp;srcid=0B66TtT_YnoXvM2MxYmFmODktYzZlMy00NzgxLWI5NmMtMDgyMTVkNmI4OGVl&amp;hl=pt_BR\">ABRACE A SERRA \u2013 MINAS GERAIS <\/a><\/em><\/strong><\/p>\n<p><strong><em>5 &#8211; <a title=\"JORNAIS E BOLETINS DOFONASC \" href=\"https:\/\/fonasc-cbh.org.br\/?page_id=289\" target=\"_blank\">DOCUMENTOS FONASC <\/a><\/em><\/strong><\/p>\n<p><strong><em>4 &#8211; <a title=\"PUBLICA\u00c7\u00d5ES ANA \" href=\"http:\/\/www.ana.gov.br\/AcoesAdministrativas\/CDOC\/CatalogoPublicacoes_2011.asp\" target=\"_blank\">PUBLICA\u00c7\u00d5ES ANA<\/a><\/em><\/strong><\/p>\n<p><strong><em>3 &#8211; <a title=\"ana \" href=\"http:\/\/www.ana.gov.br\/AcoesAdministrativas\/CDOC\/CatalogoPublicacoes_2011.asp\" target=\"_blank\">PUBLICA\u00c7\u00d5ES ANA 2<\/a><\/em><\/strong><\/p>\n<p><strong><em>2 &#8211; <a title=\" (I Simp\u00c3\u00b3sio de Recursos H\u00c3\u00addricos da Zona da Mata - RO)\" href=\"http:\/\/www.editoracrv.com.br\/?f=produto_detalhes&amp;pid=3353\" target=\"_blank\">SEMIN\u00c1RIO\u00a0 DE RECURSOS H\u00cdDRICOS DA ZONA DA MATA DE RONDONIA\u00a0-RO <\/a><\/em><\/strong><\/p>\n<p><strong><em>1 &#8211; <a title=\"DRS\" href=\"https:\/\/fonasc-cbh.org.br\/wp-admin\/www.iica.org.br\/download\/SerieDRS-Vol01-12.zip\" target=\"_blank\">DESENVOLVIMENTO RURAL SUSTENT\u00c1VEL <\/a><\/em><\/strong><\/p>\n<p>&nbsp;<\/p>\n","protected":false},"excerpt":{"rendered":"<p>VEJA CONSOLIDADO DE PUBLICACOES DIVULGADA PELO FONASC \u00a0https:\/\/fonasc-cbh.org.br\/?s=divulga MAIO 2013 &#8211; PESQUISA WWF &#8211; SOBRE VIS\u00c3O DA POPULA\u00c7\u00c3O SOBRE OS&#8230;<\/p>\n","protected":false},"author":3,"featured_media":0,"parent":386,"menu_order":0,"comment_status":"closed","ping_status":"closed","template":"","meta":{"footnotes":""},"_links":{"self":[{"href":"https:\/\/fonasc-cbh.org.br\/index.php?rest_route=\/wp\/v2\/pages\/1622"}],"collection":[{"href":"https:\/\/fonasc-cbh.org.br\/index.php?rest_route=\/wp\/v2\/pages"}],"about":[{"href":"https:\/\/fonasc-cbh.org.br\/index.php?rest_route=\/wp\/v2\/types\/page"}],"author":[{"embeddable":true,"href":"https:\/\/fonasc-cbh.org.br\/index.php?rest_route=\/wp\/v2\/users\/3"}],"replies":[{"embeddable":true,"href":"https:\/\/fonasc-cbh.org.br\/index.php?rest_route=%2Fwp%2Fv2%2Fcomments&post=1622"}],"version-history":[{"count":33,"href":"https:\/\/fonasc-cbh.org.br\/index.php?rest_route=\/wp\/v2\/pages\/1622\/revisions"}],"predecessor-version":[{"id":2140,"href":"https:\/\/fonasc-cbh.org.br\/index.php?rest_route=\/wp\/v2\/pages\/1622\/revisions\/2140"}],"up":[{"embeddable":true,"href":"https:\/\/fonasc-cbh.org.br\/index.php?rest_route=\/wp\/v2\/pages\/386"}],"wp:attachment":[{"href":"https:\/\/fonasc-cbh.org.br\/index.php?rest_route=%2Fwp%2Fv2%2Fmedia&parent=1622"}],"curies":[{"name":"wp","href":"https:\/\/api.w.org\/{rel}","templated":true}]}}