{"id":15815,"date":"2016-05-31T16:31:32","date_gmt":"2016-05-31T16:31:32","guid":{"rendered":"http:\/\/fonasc-cbh.org.br\/?page_id=15815"},"modified":"2021-05-30T03:30:49","modified_gmt":"2021-05-30T03:30:49","slug":"bases-conceituais-da-mobilizacao-social","status":"publish","type":"page","link":"https:\/\/fonasc-cbh.org.br\/?page_id=15815","title":{"rendered":"Bases Conceituais da Mobiliza\u00e7\u00e3o Social"},"content":{"rendered":"<p>Acesse o documento Bases Conceituais da Mobiliza\u00e7\u00e3o Social abaixo<\/p>\n<p><a href=\"https:\/\/fonasc-cbh.org.br\/?attachment_id=15816\" rel=\"attachment wp-att-15816\">BASES CONCEITUAIS <\/a><\/p>\n","protected":false},"excerpt":{"rendered":"<p>Acesse o documento Bases Conceituais da Mobiliza\u00e7\u00e3o Social abaixo BASES CONCEITUAIS<\/p>\n","protected":false},"author":2,"featured_media":0,"parent":8633,"menu_order":0,"comment_status":"closed","ping_status":"open","template":"","meta":{"footnotes":""},"_links":{"self":[{"href":"https:\/\/fonasc-cbh.org.br\/index.php?rest_route=\/wp\/v2\/pages\/15815"}],"collection":[{"href":"https:\/\/fonasc-cbh.org.br\/index.php?rest_route=\/wp\/v2\/pages"}],"about":[{"href":"https:\/\/fonasc-cbh.org.br\/index.php?rest_route=\/wp\/v2\/types\/page"}],"author":[{"embeddable":true,"href":"https:\/\/fonasc-cbh.org.br\/index.php?rest_route=\/wp\/v2\/users\/2"}],"replies":[{"embeddable":true,"href":"https:\/\/fonasc-cbh.org.br\/index.php?rest_route=%2Fwp%2Fv2%2Fcomments&post=15815"}],"version-history":[{"count":7,"href":"https:\/\/fonasc-cbh.org.br\/index.php?rest_route=\/wp\/v2\/pages\/15815\/revisions"}],"predecessor-version":[{"id":24160,"href":"https:\/\/fonasc-cbh.org.br\/index.php?rest_route=\/wp\/v2\/pages\/15815\/revisions\/24160"}],"up":[{"embeddable":true,"href":"https:\/\/fonasc-cbh.org.br\/index.php?rest_route=\/wp\/v2\/pages\/8633"}],"wp:attachment":[{"href":"https:\/\/fonasc-cbh.org.br\/index.php?rest_route=%2Fwp%2Fv2%2Fmedia&parent=15815"}],"curies":[{"name":"wp","href":"https:\/\/api.w.org\/{rel}","templated":true}]}}