{"id":157,"date":"2011-10-08T19:49:55","date_gmt":"2011-10-08T19:49:55","guid":{"rendered":"http:\/\/fonasc-cbh.org.br\/?page_id=157"},"modified":"2022-12-02T23:05:41","modified_gmt":"2022-12-02T23:05:41","slug":"colabore","status":"publish","type":"page","link":"https:\/\/fonasc-cbh.org.br\/?page_id=157","title":{"rendered":"Colabore"},"content":{"rendered":"\n<h3 class=\"wp-block-heading\">Fa\u00e7a sua doa\u00e7\u00e3o<\/h3>\n\n\n\n<p>Colabore com o FONASC-CBH tornando-se um doador. Basta fazer dep\u00f3sitos banc\u00e1rios em favor da entidade, na conta abaixo indicada. Essa quantia ser\u00e1 usada com economia e transpar\u00eancia, em projetos e a\u00e7\u00f5es para o alcance dos objetivos institucionais. Mensalmente, publicaremos informa\u00e7\u00f5es sobre o suso da sua doa\u00e7\u00e3o:<\/p>\n\n\n\n<p>Voce pode fazer&nbsp;&nbsp;&nbsp;dep\u00f3sito banc\u00e1rio ou tranferencia diretamente para&nbsp;a agencia do Banco do Brasil em que o FONASC tem conta que &nbsp;deve ser feito em favor do F\u00f3rum Nacional da Sociedade Civil nos Comit\u00eas de Bacias Hidrogr\u00e1ficas &#8211; Fonasc-CBH.<\/p>\n\n\n\n<p>Banco do Brasil PIX<\/p>\n\n\n\n<figure class=\"wp-block-image size-full is-resized\"><img loading=\"lazy\" decoding=\"async\" src=\"https:\/\/fonasc-cbh.org.br\/wp-content\/uploads\/Qrcode-2.png\" alt=\"\" class=\"wp-image-25888\" width=\"434\" height=\"434\" srcset=\"https:\/\/fonasc-cbh.org.br\/wp-content\/uploads\/Qrcode-2.png 971w, https:\/\/fonasc-cbh.org.br\/wp-content\/uploads\/Qrcode-2-300x300.png 300w, https:\/\/fonasc-cbh.org.br\/wp-content\/uploads\/Qrcode-2-150x150.png 150w, https:\/\/fonasc-cbh.org.br\/wp-content\/uploads\/Qrcode-2-768x768.png 768w\" sizes=\"(max-width: 434px) 100vw, 434px\" \/><\/figure>\n\n\n\n<p><a title=\"banco do Brasil \" href=\"http:\/\/www.bb.com.br\/portalbb\/home29,116,116,1,1,1,1.bb\" target=\"_blank\" rel=\"noopener\">ou atraves do internet bankin do BB<\/a> &#8211;&nbsp;&nbsp;<\/p>\n\n\n\n<p>______________________________________________________________<\/p>\n\n\n\n<p><strong>ou AUTORIZE sua contribui\u00e7\u00e3o mensal debitando sua conta do Banco do Brasil -Basta voce enviar um email para o fonasc &#8211; email:&nbsp;&nbsp;<a href=\"mailto:doacao@fonasc-cbh.org.br\">doacao@fonasc-cbh.org.br<\/a>&nbsp;pedindo para procedermos autoriza\u00e7\u00e3o de &#8220;d\u00e9bito em conta&#8221; informando sua agencia e n\u00daumero da conta e valor a ser MENSALMENTE &nbsp;debitado.<\/strong>&nbsp;<strong><a title=\"mopdelo d edoa\u00e7\u00e3o \" href=\"https:\/\/fonasc-cbh.org.br\/?wpfb_dl=148\" target=\"_blank\" rel=\"noopener\">VEJA O MODELO DE SOLICITA\u00c7\u00c3O QUE VOCE ENVIA ATRAV\u00c9S DE SEU EMAIL. O FONASC ENTRAR\u00c1 EM CONTATO PARA CONFIRMAR A DOA\u00c7\u00c3O MENSAL.&nbsp;<\/a><\/strong><\/p>\n\n\n\n<p>&#8212;&#8212;&#8212;&#8212;&#8212;&#8212;&#8212;&#8212;&#8212;&#8212;&#8212;&#8212;&#8212;&#8212;&#8212;&#8212;&#8212;&#8212;&#8212;&#8212;&#8212;&#8212;&#8212;&#8212;&#8212;&#8212;&#8212;&#8212;&#8212;&#8212;&#8212;&#8212;-<\/p>\n\n\n\n<p><strong>ou utilize os seguintes sistemas de&nbsp;pagamento:<\/strong><\/p>\n\n\n\n<p><a title=\"pay pal \" href=\"https:\/\/www.paypal.com\/br\/cgi-bin\/webscr?cmd=_flow&amp;SESSION=yPS7TLwzeJgSju9DVjPAPcm4AjEaAQYKjt1lj2ydo_xaAyNy1d8zKOvpVyu&amp;dispatch=5885d80a13c0db1f8e263663d3faee8d4026841ac68a446f69dad17fb2afeca3\" target=\"_blank\" rel=\"noopener\"><strong>conta do PayPal?&nbsp;usando&nbsp;<\/strong> seu cart\u00e3o de cr\u00e9dito ou conta banc\u00e1ria (quando dispon\u00edvel<\/a>).<\/p>\n\n\n\n<p>______________________________________________________________<\/p>\n\n\n\n<p><a title=\"SISTEMA \u00b4-AGEU SEGURO \" href=\"https:\/\/pagseguro.uol.com.br\/checkout\/showDonation.jhtml#rmcl\" target=\"_blank\" rel=\"noopener\"><strong>SISTEMA PAGUE SEGURO<\/strong>&nbsp;<\/a>&nbsp;&#8211; <strong>Emiss\u00e3o de Boleto online&nbsp;ou d\u00e9bito e c\/corrente em&nbsp;diversos&nbsp; bancos&nbsp;&#8211; V\u00e1 a p\u00e1gina inicial&nbsp; <a href=\"http:\/\/www.fonasc-cbh.org.br\/\">www.fonasc-cbh.org.br<\/a>&nbsp; clik&nbsp; HOME&nbsp; na parte inferior localize&nbsp;e clik no \u00edcone DOAR&nbsp;<\/strong> &#8211; <strong>PAGUE SEGURO.<\/strong><\/p>\n\n\n\n<p>&#8212;&#8212;&#8212;&#8212;&#8212;&#8212;&#8212;&#8212;&#8212;&#8212;&#8212;&#8212;&#8212;&#8212;&#8212;&#8212;&#8212;&#8212;&#8212;&#8212;&#8212;&#8212;&#8212;&#8212;&#8212;&#8212;&#8212;&#8212;&#8212;&#8212;&#8212;&#8212;-<\/p>\n\n\n\n<p>Caso queira ter mais informa\u00e7\u00f5es ou saber outras formas de colabora\u00e7\u00e3o, mande-nos um E-mail: contato@fonasc-cbh.org.br ou use o formul\u00e1rio abaixo.<br>[contact-form-7 id=&#8221;4&#8243; title=&#8221;Contact form 1&#8243;]<\/p>\n","protected":false},"excerpt":{"rendered":"<p>Fa\u00e7a sua doa\u00e7\u00e3o Colabore com o FONASC-CBH tornando-se um doador. Basta fazer dep\u00f3sitos banc\u00e1rios em favor da entidade, na conta&#8230;<\/p>\n","protected":false},"author":1,"featured_media":0,"parent":0,"menu_order":0,"comment_status":"closed","ping_status":"open","template":"","meta":{"footnotes":""},"_links":{"self":[{"href":"https:\/\/fonasc-cbh.org.br\/index.php?rest_route=\/wp\/v2\/pages\/157"}],"collection":[{"href":"https:\/\/fonasc-cbh.org.br\/index.php?rest_route=\/wp\/v2\/pages"}],"about":[{"href":"https:\/\/fonasc-cbh.org.br\/index.php?rest_route=\/wp\/v2\/types\/page"}],"author":[{"embeddable":true,"href":"https:\/\/fonasc-cbh.org.br\/index.php?rest_route=\/wp\/v2\/users\/1"}],"replies":[{"embeddable":true,"href":"https:\/\/fonasc-cbh.org.br\/index.php?rest_route=%2Fwp%2Fv2%2Fcomments&post=157"}],"version-history":[{"count":46,"href":"https:\/\/fonasc-cbh.org.br\/index.php?rest_route=\/wp\/v2\/pages\/157\/revisions"}],"predecessor-version":[{"id":25889,"href":"https:\/\/fonasc-cbh.org.br\/index.php?rest_route=\/wp\/v2\/pages\/157\/revisions\/25889"}],"wp:attachment":[{"href":"https:\/\/fonasc-cbh.org.br\/index.php?rest_route=%2Fwp%2Fv2%2Fmedia&parent=157"}],"curies":[{"name":"wp","href":"https:\/\/api.w.org\/{rel}","templated":true}]}}