{"id":15649,"date":"2016-05-05T15:22:43","date_gmt":"2016-05-05T15:22:43","guid":{"rendered":"http:\/\/fonasc-cbh.org.br\/?page_id=15649"},"modified":"2016-05-09T19:32:32","modified_gmt":"2016-05-09T19:32:32","slug":"boletim-74","status":"publish","type":"page","link":"https:\/\/fonasc-cbh.org.br\/?page_id=15649","title":{"rendered":"boletim 74"},"content":{"rendered":"<p><img decoding=\"async\" class=\"aligncenter\" style=\"max-width: 240px; display: block;\" src=\"https:\/\/images.benchmarkemail.com\/client569506\/image2660364.png\" alt=\"\" width=\"240\" border=\"0\" \/><\/p>\n<table width=\"100%\" border=\"0\" cellspacing=\"0\" cellpadding=\"0\" align=\"center\">\n<tbody>\n<tr>\n<td align=\"center\" valign=\"top\" bgcolor=\"#b3e0df\" width=\"100%\">\n<div id=\"yiv4981209210dv_8\">\n<table width=\"600\" border=\"0\" cellspacing=\"0\" cellpadding=\"0\">\n<tbody>\n<tr>\n<td>\n<table width=\"100%\" border=\"0\" cellspacing=\"0\" cellpadding=\"0\">\n<tbody>\n<tr>\n<td align=\"center\" valign=\"top\">\n<table width=\"600\" border=\"0\" cellspacing=\"0\" cellpadding=\"0\" align=\"left\">\n<tbody>\n<tr>\n<td align=\"left\" valign=\"top\">\n<div>\n<div align=\"center\"><span style=\"color: #ffffff;\"><strong>INFORMATIVO #74<br \/>\n04 de maio de 2016<\/strong><\/span><\/div>\n<\/div>\n<\/td>\n<\/tr>\n<\/tbody>\n<\/table>\n<\/td>\n<\/tr>\n<\/tbody>\n<\/table>\n<\/td>\n<\/tr>\n<\/tbody>\n<\/table>\n<\/div>\n<\/td>\n<\/tr>\n<tr>\n<td align=\"center\" valign=\"top\" width=\"100%\">\n<table width=\"100%\" border=\"0\" cellspacing=\"0\" cellpadding=\"0\" align=\"center\">\n<tbody>\n<tr>\n<td align=\"center\" valign=\"top\" bgcolor=\"#185b7e\" width=\"100%\">\n<div id=\"yiv4981209210dv_9\">\n<table width=\"600\" border=\"0\" cellspacing=\"0\" cellpadding=\"0\">\n<tbody>\n<tr>\n<td>\n<table width=\"100%\" border=\"0\" cellspacing=\"0\" cellpadding=\"0\">\n<tbody>\n<tr>\n<td align=\"center\" valign=\"top\">\n<table width=\"600\" border=\"0\" cellspacing=\"0\" cellpadding=\"0\" align=\"left\">\n<tbody>\n<tr>\n<td align=\"left\" valign=\"top\">\n<div><em><span style=\"color: #ffffff;\">Visite nosso site <\/span><a href=\"http:\/\/benchemail.bmetrack.com\/c\/l?u=620023B&amp;e=94EC11&amp;c=8B0A2&amp;t=0&amp;l=236F4318&amp;email=7hzp27cFJmY%2Fx4C14HJfgE77cVeyyRkN&amp;seq=1\" rel=\"nofollow\" target=\"_blank\"><img decoding=\"async\" src=\"https:\/\/benchmarkemail.com\/images\/templates_n\/new_editor\/Templates\/Glasses\/Arrow.png\" alt=\"\" width=\"25\" border=\"0\" \/><\/a> <\/em><\/div>\n<\/td>\n<\/tr>\n<\/tbody>\n<\/table>\n<\/td>\n<\/tr>\n<\/tbody>\n<\/table>\n<\/td>\n<\/tr>\n<\/tbody>\n<\/table>\n<\/div>\n<div id=\"yiv4981209210dv_2\">\n<table width=\"600\" border=\"0\" cellspacing=\"0\" cellpadding=\"0\">\n<tbody>\n<tr>\n<td>\n<table width=\"100%\" border=\"0\" cellspacing=\"0\" cellpadding=\"0\">\n<tbody>\n<tr>\n<td align=\"center\"><img decoding=\"async\" src=\"https:\/\/images.benchmarkemail.com\/client569506\/image3076014.jpg\" alt=\"\" width=\"600\" border=\"0\" \/><\/td>\n<\/tr>\n<\/tbody>\n<\/table>\n<\/td>\n<\/tr>\n<\/tbody>\n<\/table>\n<\/div>\n<div id=\"yiv4981209210dv_6\">\n<table width=\"600\" border=\"0\" cellspacing=\"0\" cellpadding=\"0\">\n<tbody>\n<tr>\n<td>\n<table width=\"100%\" border=\"0\" cellspacing=\"0\" cellpadding=\"0\">\n<tbody>\n<tr>\n<td align=\"center\" valign=\"top\">\n<table width=\"600\" border=\"0\" cellspacing=\"0\" cellpadding=\"0\" align=\"left\">\n<tbody>\n<tr>\n<td align=\"left\" valign=\"top\">\n<div><span style=\"color: #ffffff;\"><strong>Rio Itapecuru em Cod\u00f3-MA, a cidade vai receber Encontro Estadual de CBHs <\/strong><\/span><span style=\"color: #ff9900;\"><strong><strong> <a href=\"http:\/\/benchemail.bmetrack.com\/c\/l?u=620023C&amp;e=94EC11&amp;c=8B0A2&amp;t=0&amp;l=236F4318&amp;email=7hzp27cFJmY%2Fx4C14HJfgE77cVeyyRkN&amp;seq=1\" rel=\"nofollow\" target=\"_blank\"><span style=\"color: #ff9900;\">Veja mais<\/span><\/a><\/strong><\/strong>\u00a0<\/span><\/div>\n<\/td>\n<\/tr>\n<\/tbody>\n<\/table>\n<\/td>\n<\/tr>\n<\/tbody>\n<\/table>\n<\/td>\n<\/tr>\n<\/tbody>\n<\/table>\n<\/div>\n<div id=\"yiv4981209210dv_5\">\n<table width=\"600\" border=\"0\" cellspacing=\"0\" cellpadding=\"0\">\n<tbody>\n<tr>\n<td>\n<table width=\"100%\" cellspacing=\"0\" cellpadding=\"0\">\n<tbody>\n<tr>\n<td valign=\"top\">\n<table width=\"100%\" border=\"0\" cellspacing=\"0\" cellpadding=\"0\">\n<tbody>\n<tr>\n<td valign=\"top\">\n<table width=\"590\" border=\"0\" cellspacing=\"0\" cellpadding=\"0\" align=\"left\">\n<tbody>\n<tr>\n<td valign=\"top\">\n<table width=\"285\" border=\"0\" cellspacing=\"0\" cellpadding=\"0\" align=\"left\">\n<tbody>\n<tr>\n<td align=\"center\" valign=\"center\" width=\"295\" height=\"237\"><img decoding=\"async\" src=\"https:\/\/images.benchmarkemail.com\/client569506\/image3076609.jpg\" alt=\"\" width=\"285\" \/><\/td>\n<\/tr>\n<\/tbody>\n<\/table>\n<table width=\"285\" border=\"0\" cellspacing=\"0\" cellpadding=\"0\" align=\"right\">\n<tbody>\n<tr>\n<td align=\"left\" valign=\"top\">\n<div>\n<div align=\"center\"><span style=\"color: #ffffff;\"><strong> FONASC ELEITO NA CTEM <\/strong><\/span><br \/>\n<span style=\"color: #ffffff;\"> A vice coordenadora nacional do Fonasc.CBH Thereza Christina Pereira Castro foi eleita para a presid\u00eancia da C\u00e2mara T\u00e9cnica de Educa\u00e7\u00e3o, Capacita\u00e7\u00e3o, Mobiliza\u00e7\u00e3o Social e Informa\u00e7\u00e3o em Recursos H\u00eddricos (CTEM) do Conselho Estadual de Recursos H\u00eddricos do Maranh\u00e3o.<\/span><\/div>\n<p><a href=\"http:\/\/benchemail.bmetrack.com\/c\/l?u=620023D&amp;e=94EC11&amp;c=8B0A2&amp;t=0&amp;l=236F4318&amp;email=7hzp27cFJmY%2Fx4C14HJfgE77cVeyyRkN&amp;seq=1\" rel=\"nofollow\" target=\"_blank\"><strong> <em><span style=\"color: #ff9900;\">Saiba mais sobre a elei\u00e7\u00e3o<\/span> <img decoding=\"async\" src=\"https:\/\/benchmarkemail.com\/images\/templates_n\/new_editor\/Templates\/Glasses\/Arrow.png\" alt=\"\" width=\"25\" border=\"0\" \/><br \/>\n<\/em><\/strong><\/a><\/p>\n<\/div>\n<\/td>\n<\/tr>\n<\/tbody>\n<\/table>\n<\/td>\n<\/tr>\n<\/tbody>\n<\/table>\n<\/td>\n<\/tr>\n<\/tbody>\n<\/table>\n<\/td>\n<\/tr>\n<\/tbody>\n<\/table>\n<\/td>\n<\/tr>\n<\/tbody>\n<\/table>\n<\/div>\n<div id=\"yiv4981209210dv_16\">\n<table width=\"600\" border=\"0\" cellspacing=\"0\" cellpadding=\"0\">\n<tbody>\n<tr>\n<td>\n<table width=\"100%\" cellspacing=\"0\" cellpadding=\"0\">\n<tbody>\n<tr>\n<td valign=\"top\">\n<table width=\"100%\" border=\"0\" cellspacing=\"0\" cellpadding=\"0\">\n<tbody>\n<tr>\n<td valign=\"top\">\n<table width=\"173\" border=\"0\" cellspacing=\"0\" cellpadding=\"0\" align=\"left\">\n<tbody>\n<tr>\n<td valign=\"top\">\n<table width=\"173\" border=\"0\" cellspacing=\"0\" cellpadding=\"0\">\n<tbody>\n<tr>\n<td align=\"center\" valign=\"bottom\" width=\"167\" height=\"108\"><a href=\"http:\/\/benchemail.bmetrack.com\/c\/l?u=620023E&amp;e=94EC11&amp;c=8B0A2&amp;t=0&amp;l=236F4318&amp;email=7hzp27cFJmY%2Fx4C14HJfgE77cVeyyRkN&amp;seq=1\" rel=\"nofollow\" target=\"_blank\"><img decoding=\"async\" src=\"https:\/\/images.benchmarkemail.com\/client569506\/image3076574.jpg\" alt=\"\" width=\"173\" \/><\/a><\/td>\n<\/tr>\n<\/tbody>\n<\/table>\n<table width=\"173\" border=\"0\" cellspacing=\"0\" cellpadding=\"0\">\n<tbody>\n<tr>\n<td align=\"left\" valign=\"top\">\n<div>\n<div align=\"center\"><strong><span style=\"color: #ffffff;\">Barragens<\/span><\/strong><\/div>\n<div><span style=\"color: #ffffff;\">Na \u00faltima reuni\u00e3o da C\u00e2mara T\u00e9cnica da An\u00e1lise de Projetos (CTAP) do Conselho Nacional de Recursos H\u00eddricos (CNRH), o representante do Fonasc.CBH, Gustavo Gazzinelli se manifestou pela necessidade de profunda restaura\u00e7\u00e3o que deve ocorrer na revis\u00e3o da Resolu\u00e7\u00e3o CNRH 144\/2012, que disp\u00f5e sobre a Pol\u00edtica Nacional de Seguran\u00e7a de Barragens, aplica\u00e7\u00e3o de seus instrumentos e atua\u00e7\u00e3o do Sistema Nacional de Informa\u00e7\u00f5es sobre Seguran\u00e7a de Barragens. Ele falou da necessidade de criar um GT para acompanhar as propostas para esta resolu\u00e7\u00e3o.<\/span><\/div>\n<div><a href=\"http:\/\/benchemail.bmetrack.com\/c\/l?u=620023F&amp;e=94EC11&amp;c=8B0A2&amp;t=0&amp;l=236F4318&amp;email=7hzp27cFJmY%2Fx4C14HJfgE77cVeyyRkN&amp;seq=1\" rel=\"nofollow\" target=\"_blank\"><strong> <em><span style=\"color: #ff9900;\">Leia mais<\/span> <img decoding=\"async\" src=\"https:\/\/benchmarkemail.com\/images\/templates_n\/new_editor\/Templates\/Glasses\/SmallArrow.png\" alt=\"\" width=\"19\" border=\"0\" \/><\/em><\/strong><\/a><\/div>\n<\/div>\n<\/td>\n<\/tr>\n<\/tbody>\n<\/table>\n<\/td>\n<\/tr>\n<\/tbody>\n<\/table>\n<\/td>\n<td align=\"center\" valign=\"top\">\n<table width=\"20\" border=\"0\" cellspacing=\"0\" cellpadding=\"0\">\n<tbody>\n<tr>\n<td><\/td>\n<\/tr>\n<\/tbody>\n<\/table>\n<\/td>\n<td valign=\"top\">\n<table width=\"174\" border=\"0\" cellspacing=\"0\" cellpadding=\"0\" align=\"right\">\n<tbody>\n<tr>\n<td valign=\"top\">\n<table width=\"174\" border=\"0\" cellspacing=\"0\" cellpadding=\"0\">\n<tbody>\n<tr>\n<td align=\"center\" valign=\"bottom\" width=\"167\" height=\"108\"><img decoding=\"async\" src=\"http:\/\/images.benchmarkemail.com\/client569506\/image3076580.jpg\" alt=\"\" width=\"174\" \/><\/td>\n<\/tr>\n<\/tbody>\n<\/table>\n<table width=\"174\" border=\"0\" cellspacing=\"0\" cellpadding=\"0\">\n<tbody>\n<tr>\n<td align=\"left\" valign=\"top\">\n<div>\n<div align=\"center\"><span style=\"color: #ffffff;\"><strong>Parna\u00edba<br \/>\n<\/strong><\/span><\/div>\n<div><span style=\"color: #ffffff;\">Membros da subcomiss\u00e3o maranhense para cria\u00e7\u00e3o do CBH Parna\u00edba estiveram reunidos na tarde de ontem, dia 03, para tratar do andamento dos trabalhos para formata\u00e7\u00e3o do CBH e o nivelamento de informa\u00e7\u00f5es sobre as atividades e a\u00e7\u00f5es para celebra\u00e7\u00e3o do pacto interfederativo entre os estados do MA, PI e CE, conforme est\u00e1 previsto na Resolu\u00e7\u00e3o CNRH n\u00ba 109, como um dos requisitos para cria\u00e7\u00e3o do CBH. Participaram da reuni\u00e3o as seguintes entidades: Fonasc.CBH, Clube de M\u00e3es Santa Luzia, Ainor, F\u00f3rum de Defesa do Baixo Parna\u00edba, Sagrima, SEMA-MA, Codevasf, Crea-MA e Caema.<\/span><\/div>\n<div><a href=\"http:\/\/benchemail.bmetrack.com\/c\/l?u=6200240&amp;e=94EC11&amp;c=8B0A2&amp;t=0&amp;l=236F4318&amp;email=7hzp27cFJmY%2Fx4C14HJfgE77cVeyyRkN&amp;seq=1\" rel=\"nofollow\" target=\"_blank\"><strong> <em><span style=\"color: #ff9900;\">Leia mais<\/span> <img decoding=\"async\" src=\"https:\/\/benchmarkemail.com\/images\/templates_n\/new_editor\/Templates\/Glasses\/SmallArrow.png\" alt=\"\" width=\"19\" border=\"0\" \/><\/em><\/strong><\/a><\/div>\n<\/div>\n<\/td>\n<\/tr>\n<\/tbody>\n<\/table>\n<\/td>\n<\/tr>\n<\/tbody>\n<\/table>\n<\/td>\n<td align=\"center\" valign=\"top\">\n<table width=\"20\" border=\"0\" cellspacing=\"0\" cellpadding=\"0\">\n<tbody>\n<tr>\n<td><\/td>\n<\/tr>\n<\/tbody>\n<\/table>\n<\/td>\n<td valign=\"top\">\n<table width=\"173\" border=\"0\" cellspacing=\"0\" cellpadding=\"0\" align=\"right\">\n<tbody>\n<tr>\n<td valign=\"top\">\n<table width=\"173\" border=\"0\" cellspacing=\"0\" cellpadding=\"0\">\n<tbody>\n<tr>\n<td align=\"center\" valign=\"bottom\" width=\"167\" height=\"108\"><a href=\"http:\/\/benchemail.bmetrack.com\/c\/l?u=6200241&amp;e=94EC11&amp;c=8B0A2&amp;t=0&amp;l=236F4318&amp;email=7hzp27cFJmY%2Fx4C14HJfgE77cVeyyRkN&amp;seq=1\" rel=\"nofollow\" target=\"_blank\"><img decoding=\"async\" src=\"http:\/\/images.benchmarkemail.com\/client569506\/image3076584.jpg\" alt=\"\" width=\"173\" \/><\/a><\/td>\n<\/tr>\n<\/tbody>\n<\/table>\n<table width=\"173\" border=\"0\" cellspacing=\"0\" cellpadding=\"0\">\n<tbody>\n<tr>\n<td align=\"left\" valign=\"top\">\n<div>\n<div align=\"center\"><span style=\"color: #ffffff;\"><strong>Curso<br \/>\n<\/strong><\/span><\/div>\n<div><span style=\"color: #ffffff;\">A reuni\u00e3o conjunta entre as tr\u00eas C\u00e2maras T\u00e9cnicas do Conselho Estadual de Recursos H\u00eddricos (CONERH\/MA) trouxe importantes colabora\u00e7\u00f5es para os principais eventos de cria\u00e7\u00e3o e formata\u00e7\u00e3o de CBHs para o Estado. Membros da C\u00e2mara T\u00e9cnica de Educa\u00e7\u00e3o e Mobiliza\u00e7\u00e3o Social (CTEM), C\u00e2mara T\u00e9cnica de Cria\u00e7\u00e3o de Comit\u00eas de Bacias (CTCCBH) e C\u00e2mara T\u00e9cnica de Assuntos Institucionais Legais (CTIL) se reuniram a pedido da representante do Fonasc.CBH, presidente da CTEM, para tratar dos principais eventos sobre CBHs para o Maranh\u00e3o, como o curso em Balsas.<\/span><\/div>\n<div><span style=\"color: #ff9900;\"><a href=\"http:\/\/benchemail.bmetrack.com\/c\/l?u=6200242&amp;e=94EC11&amp;c=8B0A2&amp;t=0&amp;l=236F4318&amp;email=7hzp27cFJmY%2Fx4C14HJfgE77cVeyyRkN&amp;seq=1\" rel=\"nofollow\" target=\"_blank\"><span style=\"color: #ff9900;\"><strong> <em>Leia mais<\/em><\/strong><\/span><\/a> <\/span><a href=\"http:\/\/benchemail.bmetrack.com\/c\/l?u=6200243&amp;e=94EC11&amp;c=8B0A2&amp;t=0&amp;l=236F4318&amp;email=7hzp27cFJmY%2Fx4C14HJfgE77cVeyyRkN&amp;seq=1\" rel=\"nofollow\" target=\"_blank\"><strong> <em> <img decoding=\"async\" src=\"https:\/\/benchmarkemail.com\/images\/templates_n\/new_editor\/Templates\/Glasses\/SmallArrow.png\" alt=\"\" width=\"19\" border=\"0\" \/><\/em><\/strong><\/a><\/div>\n<\/div>\n<\/td>\n<\/tr>\n<\/tbody>\n<\/table>\n<\/td>\n<\/tr>\n<\/tbody>\n<\/table>\n<\/td>\n<\/tr>\n<\/tbody>\n<\/table>\n<\/td>\n<\/tr>\n<\/tbody>\n<\/table>\n<\/td>\n<\/tr>\n<\/tbody>\n<\/table>\n<\/div>\n<div id=\"yiv4981209210dv_11\">\n<table width=\"600\" border=\"0\" cellspacing=\"0\" cellpadding=\"0\">\n<tbody>\n<tr>\n<td>\n<table width=\"100%\" border=\"0\" cellspacing=\"0\" cellpadding=\"0\">\n<tbody>\n<tr>\n<td align=\"center\" valign=\"top\">\n<table width=\"600\" border=\"0\" cellspacing=\"0\" cellpadding=\"0\" align=\"left\">\n<tbody>\n<tr>\n<td align=\"left\" valign=\"top\">\n<div>\n<div><span style=\"color: #ffffff;\"><strong>Homenagem&#8230;<\/strong>O Fonasc.CBH aproveita a oportunidade para desejar a todas as mam\u00e3es, um feliz Dia das M\u00e3es. Que cada m\u00e3e busque inspira\u00e7\u00e3o na m\u00e3e maior: a natureza.<\/span><\/div>\n<\/div>\n<\/td>\n<\/tr>\n<\/tbody>\n<\/table>\n<\/td>\n<\/tr>\n<\/tbody>\n<\/table>\n<\/td>\n<\/tr>\n<\/tbody>\n<\/table>\n<\/div>\n<div id=\"yiv4981209210dv_12\">\n<table width=\"600\" border=\"0\" cellspacing=\"0\" cellpadding=\"0\">\n<tbody>\n<tr>\n<td width=\"25\"><\/td>\n<td align=\"center\">\n<table width=\"100%\" border=\"0\" cellspacing=\"0\" cellpadding=\"0\">\n<tbody>\n<tr>\n<td height=\"5\"><\/td>\n<\/tr>\n<tr>\n<td align=\"right\">\n<table border=\"0\" cellspacing=\"0\" cellpadding=\"0\" align=\"right\">\n<tbody>\n<tr>\n<td><span style=\"color: #ff9900;\"><a href=\"http:\/\/benchemail.bmetrack.com\/c\/l?u=6200244&amp;e=94EC11&amp;c=8B0A2&amp;t=0&amp;l=236F4318&amp;email=7hzp27cFJmY%2Fx4C14HJfgE77cVeyyRkN&amp;seq=1\" rel=\"nofollow\" target=\"_blank\"><span style=\"color: #ff9900;\">Homenagem Fonasc.CBH<\/span><\/a><\/span><\/td>\n<\/tr>\n<\/tbody>\n<\/table>\n<\/td>\n<\/tr>\n<tr>\n<td height=\"5\"><\/td>\n<\/tr>\n<\/tbody>\n<\/table>\n<\/td>\n<td width=\"25\"><\/td>\n<\/tr>\n<\/tbody>\n<\/table>\n<\/div>\n<\/td>\n<\/tr>\n<tr>\n<td align=\"center\" valign=\"top\" bgcolor=\"#0f394f\" width=\"100%\">\n<div id=\"yiv4981209210dv_10\">\n<table width=\"600\" border=\"0\" cellspacing=\"0\" cellpadding=\"0\">\n<tbody>\n<tr>\n<td>\n<table width=\"100%\" border=\"0\" cellspacing=\"0\" cellpadding=\"0\">\n<tbody>\n<tr>\n<td align=\"left\" valign=\"top\">\n<table width=\"100%\" border=\"0\" cellspacing=\"0\" cellpadding=\"0\" align=\"left\">\n<tbody>\n<tr>\n<td align=\"center\" valign=\"center\" width=\"99%\">\n<table border=\"0\" cellspacing=\"0\" cellpadding=\"0\" align=\"center\">\n<tbody>\n<tr>\n<td valign=\"top\">\n<table border=\"0\" cellspacing=\"0\" cellpadding=\"0\" align=\"left\">\n<tbody>\n<tr>\n<td align=\"left\" valign=\"center\" height=\"17\"><span style=\"color: #ffffff;\"><a href=\"http:\/\/benchemail.bmetrack.com\/c\/l?u=6200245&amp;e=94EC11&amp;c=8B0A2&amp;t=0&amp;l=236F4318&amp;email=7hzp27cFJmY%2Fx4C14HJfgE77cVeyyRkN&amp;seq=1\" rel=\"nofollow\" target=\"_blank\"><span style=\"color: #ffffff;\">Mais not\u00edcias\u00a0\u00a0\u00a0 <\/span><\/a><\/span><\/td>\n<\/tr>\n<\/tbody>\n<\/table>\n<table width=\"59\" border=\"0\" cellspacing=\"0\" cellpadding=\"0\" align=\"left\">\n<tbody>\n<tr>\n<td align=\"left\" valign=\"center\" height=\"17\"><span style=\"color: #ffffff;\"><a href=\"http:\/\/benchemail.bmetrack.com\/c\/l?u=6200246&amp;e=94EC11&amp;c=8B0A2&amp;t=0&amp;l=236F4318&amp;email=7hzp27cFJmY%2Fx4C14HJfgE77cVeyyRkN&amp;seq=1\" rel=\"nofollow\" target=\"_blank\"><span style=\"color: #ffffff;\">Agenda\u00a0\u00a0\u00a0 <\/span><\/a><\/span><\/td>\n<\/tr>\n<\/tbody>\n<\/table>\n<table border=\"0\" cellspacing=\"0\" cellpadding=\"0\" align=\"left\">\n<tbody>\n<tr>\n<td align=\"left\" valign=\"center\" height=\"17\"><span style=\"color: #ffffff;\"><a href=\"http:\/\/benchemail.bmetrack.com\/c\/l?u=6200247&amp;e=94EC11&amp;c=8B0A2&amp;t=0&amp;l=236F4318&amp;email=7hzp27cFJmY%2Fx4C14HJfgE77cVeyyRkN&amp;seq=1\" rel=\"nofollow\" target=\"_blank\"><span style=\"color: #ffffff;\">Localiza\u00e7\u00e3o\u00a0\u00a0\u00a0 <\/span><\/a><\/span><\/td>\n<\/tr>\n<\/tbody>\n<\/table>\n<table border=\"0\" cellspacing=\"0\" cellpadding=\"0\" align=\"left\">\n<tbody>\n<tr>\n<td align=\"left\" valign=\"center\" height=\"17\"><span style=\"color: #ffffff;\"><a href=\"http:\/\/benchemail.bmetrack.com\/c\/l?u=6200248&amp;e=94EC11&amp;c=8B0A2&amp;t=0&amp;l=236F4318&amp;email=7hzp27cFJmY%2Fx4C14HJfgE77cVeyyRkN&amp;seq=1\" rel=\"nofollow\" target=\"_blank\"><span style=\"color: #ffffff;\">Contatos\u00a0\u00a0\u00a0 <\/span><\/a><\/span><\/td>\n<\/tr>\n<\/tbody>\n<\/table>\n<\/td>\n<\/tr>\n<\/tbody>\n<\/table>\n<\/td>\n<td align=\"center\" valign=\"center\" width=\"1%\">\n<table border=\"0\" cellspacing=\"0\" cellpadding=\"0\" align=\"right\">\n<tbody>\n<tr>\n<td valign=\"top\"><\/td>\n<\/tr>\n<\/tbody>\n<\/table>\n<\/td>\n<\/tr>\n<\/tbody>\n<\/table>\n<\/td>\n<\/tr>\n<\/tbody>\n<\/table>\n<\/td>\n<\/tr>\n<\/tbody>\n<\/table>\n<\/div>\n<\/td>\n<\/tr>\n<tr>\n<td align=\"center\" valign=\"top\" bgcolor=\"#0f394f\" width=\"100%\">\n<div id=\"yiv4981209210dv_7\">\n<table width=\"600\" border=\"0\" cellspacing=\"0\" cellpadding=\"0\">\n<tbody>\n<tr>\n<td align=\"center\">\n<table border=\"0\" cellspacing=\"0\" cellpadding=\"0\" align=\"center\">\n<tbody>\n<tr>\n<td>\n<table border=\"0\" cellspacing=\"0\" cellpadding=\"0\">\n<tbody>\n<tr>\n<td valign=\"top\">\n<table border=\"0\" cellspacing=\"0\" cellpadding=\"0\" align=\"left\">\n<tbody>\n<tr>\n<td align=\"left\" width=\"24\"><a href=\"http:\/\/benchemail.bmetrack.com\/c\/l?u=6200249&amp;e=94EC11&amp;c=8B0A2&amp;t=0&amp;l=236F4318&amp;email=7hzp27cFJmY%2Fx4C14HJfgE77cVeyyRkN&amp;seq=1\" rel=\"nofollow\" target=\"_blank\"><img loading=\"lazy\" decoding=\"async\" src=\"https:\/\/ui.benchmarkemail.com\/images\/editor\/socialicons\/tw_btn.png\" alt=\"Twitter\" width=\"24\" height=\"24\" border=\"0\" \/><\/a><\/td>\n<\/tr>\n<\/tbody>\n<\/table>\n<table border=\"0\" cellspacing=\"0\" cellpadding=\"0\" align=\"left\">\n<tbody>\n<tr>\n<td align=\"left\" width=\"24\"><a href=\"http:\/\/benchemail.bmetrack.com\/c\/l?u=620024A&amp;e=94EC11&amp;c=8B0A2&amp;t=0&amp;l=236F4318&amp;email=7hzp27cFJmY%2Fx4C14HJfgE77cVeyyRkN&amp;seq=1\" rel=\"nofollow\" target=\"_blank\"><img loading=\"lazy\" decoding=\"async\" src=\"https:\/\/ui.benchmarkemail.com\/images\/editor\/socialicons\/yt_btn.png\" alt=\"YouTube\" width=\"24\" height=\"24\" border=\"0\" \/><\/a><\/td>\n<\/tr>\n<\/tbody>\n<\/table>\n<table border=\"0\" cellspacing=\"0\" cellpadding=\"0\" align=\"left\">\n<tbody>\n<tr>\n<td align=\"left\" width=\"24\"><a href=\"http:\/\/benchemail.bmetrack.com\/c\/l?u=620024B&amp;e=94EC11&amp;c=8B0A2&amp;t=0&amp;l=236F4318&amp;email=7hzp27cFJmY%2Fx4C14HJfgE77cVeyyRkN&amp;seq=1\" rel=\"nofollow\" target=\"_blank\"><img loading=\"lazy\" decoding=\"async\" src=\"https:\/\/ui.benchmarkemail.com\/images\/editor\/socialicons\/fb_btn.png\" alt=\"Facebook\" width=\"24\" height=\"24\" border=\"0\" \/><\/a><\/td>\n<\/tr>\n<\/tbody>\n<\/table>\n<table border=\"0\" cellspacing=\"0\" cellpadding=\"0\" align=\"left\">\n<tbody>\n<tr>\n<td align=\"left\" width=\"24\"><a href=\"http:\/\/benchemail.bmetrack.com\/c\/l?u=620023B&amp;e=94EC11&amp;c=8B0A2&amp;t=0&amp;l=236F4318&amp;email=7hzp27cFJmY%2Fx4C14HJfgE77cVeyyRkN&amp;seq=2\" rel=\"nofollow\" target=\"_blank\"><img loading=\"lazy\" decoding=\"async\" src=\"https:\/\/ui.benchmarkemail.com\/images\/editor\/socialicons\/wb_btn.png\" alt=\"Website\" width=\"24\" height=\"24\" border=\"0\" \/><\/a><\/td>\n<\/tr>\n<\/tbody>\n<\/table>\n<table border=\"0\" cellspacing=\"0\" cellpadding=\"0\" align=\"left\">\n<tbody>\n<tr>\n<td align=\"left\" width=\"24\"><a href=\"http:\/\/benchemail.bmetrack.com\/c\/l?u=620024C&amp;e=94EC11&amp;c=8B0A2&amp;t=0&amp;l=236F4318&amp;email=7hzp27cFJmY%2Fx4C14HJfgE77cVeyyRkN&amp;seq=1\" rel=\"nofollow\" target=\"_blank\"><img loading=\"lazy\" decoding=\"async\" src=\"https:\/\/ui.benchmarkemail.com\/images\/editor\/socialicons\/flickr_btn.png\" alt=\"Flickr\" width=\"24\" height=\"24\" border=\"0\" \/><\/a><\/td>\n<\/tr>\n<\/tbody>\n<\/table>\n<table border=\"0\" cellspacing=\"0\" cellpadding=\"0\" align=\"left\">\n<tbody>\n<tr>\n<td align=\"left\" width=\"24\"><a href=\"http:\/\/benchemail.bmetrack.com\/c\/l?u=620024D&amp;e=94EC11&amp;c=8B0A2&amp;t=0&amp;l=236F4318&amp;email=7hzp27cFJmY%2Fx4C14HJfgE77cVeyyRkN&amp;seq=1\" rel=\"nofollow\" target=\"_blank\"><img loading=\"lazy\" decoding=\"async\" src=\"https:\/\/ui.benchmarkemail.com\/images\/editor\/socialicons\/yt_btn.png\" alt=\"YouTube\" width=\"24\" height=\"24\" border=\"0\" \/><\/a><\/td>\n<\/tr>\n<\/tbody>\n<\/table>\n<table border=\"0\" cellspacing=\"0\" cellpadding=\"0\" align=\"left\">\n<tbody>\n<tr>\n<td align=\"left\" width=\"24\"><a href=\"http:\/\/benchemail.bmetrack.com\/c\/l?u=620024E&amp;e=94EC11&amp;c=8B0A2&amp;t=0&amp;l=236F4318&amp;email=7hzp27cFJmY%2Fx4C14HJfgE77cVeyyRkN&amp;seq=1\" rel=\"nofollow\" target=\"_blank\"><img loading=\"lazy\" decoding=\"async\" src=\"https:\/\/ui.benchmarkemail.com\/images\/editor\/socialicons\/wb_btn.png\" alt=\"Website\" width=\"24\" height=\"24\" border=\"0\" \/><\/a><\/td>\n<\/tr>\n<\/tbody>\n<\/table>\n<table border=\"0\" cellspacing=\"0\" cellpadding=\"0\" align=\"left\">\n<tbody>\n<tr>\n<td align=\"left\" width=\"24\"><a href=\"http:\/\/benchemail.bmetrack.com\/c\/l?u=620024F&amp;e=94EC11&amp;c=8B0A2&amp;t=0&amp;l=236F4318&amp;email=7hzp27cFJmY%2Fx4C14HJfgE77cVeyyRkN&amp;seq=1\" rel=\"nofollow\" target=\"_blank\"><img loading=\"lazy\" decoding=\"async\" src=\"https:\/\/ui.benchmarkemail.com\/images\/editor\/socialicons\/gp_btn.png\" alt=\"Google Plus\" width=\"24\" height=\"24\" border=\"0\" \/><\/a><\/td>\n<\/tr>\n<\/tbody>\n<\/table>\n<\/td>\n<\/tr>\n<\/tbody>\n<\/table>\n<\/td>\n<\/tr>\n<\/tbody>\n<\/table>\n<\/td>\n<\/tr>\n<\/tbody>\n<\/table>\n<\/div>\n<\/td>\n<\/tr>\n<\/tbody>\n<\/table>\n<\/td>\n<\/tr>\n<\/tbody>\n<\/table>\n<p>&nbsp;<\/p>\n","protected":false},"excerpt":{"rendered":"<p>INFORMATIVO #74 04 de maio de 2016 Visite nosso site Rio Itapecuru em Cod\u00f3-MA, a cidade vai receber Encontro Estadual&#8230;<\/p>\n","protected":false},"author":2,"featured_media":0,"parent":11437,"menu_order":0,"comment_status":"closed","ping_status":"open","template":"","meta":{"footnotes":""},"_links":{"self":[{"href":"https:\/\/fonasc-cbh.org.br\/index.php?rest_route=\/wp\/v2\/pages\/15649"}],"collection":[{"href":"https:\/\/fonasc-cbh.org.br\/index.php?rest_route=\/wp\/v2\/pages"}],"about":[{"href":"https:\/\/fonasc-cbh.org.br\/index.php?rest_route=\/wp\/v2\/types\/page"}],"author":[{"embeddable":true,"href":"https:\/\/fonasc-cbh.org.br\/index.php?rest_route=\/wp\/v2\/users\/2"}],"replies":[{"embeddable":true,"href":"https:\/\/fonasc-cbh.org.br\/index.php?rest_route=%2Fwp%2Fv2%2Fcomments&post=15649"}],"version-history":[{"count":5,"href":"https:\/\/fonasc-cbh.org.br\/index.php?rest_route=\/wp\/v2\/pages\/15649\/revisions"}],"predecessor-version":[{"id":15652,"href":"https:\/\/fonasc-cbh.org.br\/index.php?rest_route=\/wp\/v2\/pages\/15649\/revisions\/15652"}],"up":[{"embeddable":true,"href":"https:\/\/fonasc-cbh.org.br\/index.php?rest_route=\/wp\/v2\/pages\/11437"}],"wp:attachment":[{"href":"https:\/\/fonasc-cbh.org.br\/index.php?rest_route=%2Fwp%2Fv2%2Fmedia&parent=15649"}],"curies":[{"name":"wp","href":"https:\/\/api.w.org\/{rel}","templated":true}]}}