{"id":1048,"date":"2012-01-22T17:18:51","date_gmt":"2012-01-22T17:18:51","guid":{"rendered":"http:\/\/fonasc-cbh.org.br\/?page_id=1048"},"modified":"2012-11-03T04:01:50","modified_gmt":"2012-11-03T04:01:50","slug":"cobranca-pelo-uso-das-aguas","status":"publish","type":"page","link":"https:\/\/fonasc-cbh.org.br\/?page_id=1048","title":{"rendered":"COBRANCA PELO USO DAS AGUAS"},"content":{"rendered":"<p style=\"text-align: justify;\"><strong><span style=\"color: #000080; font-family: Arial; font-size: x-small;\">Para\u00a0 <span style=\"color: #333399;\">que a gest\u00e3o dos rios\u00a0 no pa\u00eds ocorra de forma descentralizada, integrada e participativa, de acordo com a Pol\u00edtica Nacional institu\u00edda a partir de Lei 9.433\/97, o Sistema Nacional de Gerenciamento de Recursos H\u00eddricos constitu\u00eddo de um conjunto de mecanismos jur\u00eddico-administrativos, composto por leis e institui\u00e7\u00f5es, de um <a href=\"http:\/\/www.cnrh-srh.gov.br\"><span style=\"color: #333399;\">Conselho Nacional de Recursos H\u00eddricos<\/span><\/a>; de <a href=\"http:\/\/www.sigrh.sp.gov.br\/cgi-bin\/sigrh_cgi.exe\/HPComites?Comite=CRH\"><span style=\"color: #333399;\">Conselhos Estaduais<\/span><\/a> e do Distrito Federal e dos <a href=\"..\/comite\/comite_01.asp\"><span style=\"color: #333399;\">Comit\u00eas de Bacias Hidrogr\u00e1ficas<\/span><\/a>,. \u00a0conta com instrumentos de gest\u00e3o.\u00a0 <\/span><\/span><span style=\"color: #333399;\"><span style=\"font-family: Arial; font-size: x-small;\">O mesmo ocorre com os Sistemas Estaduais. A fun\u00e7\u00e3o principal desses instrumentos ou ferramentas de gest\u00e3o \u00e9 possibilitar a implementa\u00e7\u00e3o da Pol\u00edtica Nacional e das Pol\u00edticas Estaduais de Recursos H\u00eddricos. A Lei 9.433\/97 estabelece os seguintes instrumentos de gest\u00e3o: <\/span><span style=\"font-family: Arial; font-size: x-small;\">Planos de Recursos H\u00eddricos e Plano de Bacias;<\/span><span style=\"font-family: Arial; font-size: x-small;\">Outorga ,do direito de uso dos recursos h\u00eddricos,<\/span><span style=\"font-family: Arial; font-size: x-small;\">Enquadramento dos corpos d&#8217;\u00e1gua;<\/span><span style=\"font-family: Arial; font-size: x-small;\">Sistema de Informa\u00e7\u00f5es. Cobran\u00e7a pelo uso da \u00e1gua O QUE \u00c9\u00a0COBRAN\u00c7A PELO USO ECONPOKMICO DA \u00c1GUA\u00a0 ?<\/span><\/span><\/strong><\/p>\n<blockquote>\n<p style=\"text-align: justify;\">-A cobran\u00e7a pelo uso da \u00e1gua \u00e9 um<strong> instrumento de gest\u00e3o e \u00e9 uma das ferramentas <\/strong>das Pol\u00edticas Nacional e Estaduais\u00a0 de Recursos H\u00eddricos, juntamente com a OUTORGA e os Planos de Bacias Integra o SIGRH (Sistema Integrado\u00a0 de Gerenciamento de Recursos H\u00eddricos) institu\u00eddo atrav\u00e9s de leis estaduais\u00a0obedecendo<strong> Dispositivo Constitucional.<\/strong><\/p>\n<p style=\"text-align: justify;\">-Os princ\u00edpios da cobran\u00e7a pelo uso da \u00e1gua s\u00e3o fundamentados nos conceitos de \u201cusu\u00e1rio pagador\u201d e do \u201cpoluidor pagador\u201d, adotados com o objetivo de combater o desperd\u00edcio e a polui\u00e7\u00e3o das \u00e1guas, de forma com que quem desperdi\u00e7a e polui paga mais.e QUE TEM SIDO CONSTANTEMENTE RECHACADOS NOS CBHS E NOS CONSELHOS.<\/p>\n<p style=\"text-align: justify;\">-O reconhecimento de que a \u00e1gua \u00e9 recurso natural limitado, finito e escasso, \u00e9 que nos obrigam a trat\u00e1-la como um bem de uso p\u00fablico,<strong> <\/strong>essencial a vida,dotado de valor econ\u00f4mico e a adotar a cobran\u00e7a pelo uso desse bem para sua gest\u00e3o de forma integrada e participativa. MUITO MAIS \u00a0\u00a0QUE ISSO , O FONASC LUTA PELA \u00c1GUA PRIORITARIAMENTE COMO UM BEM SOCIAL E ALIMENTO HIUMANO ESSENCIAL A VIDA .&#8221;<\/p>\n<p>&nbsp;<\/p>\n<p><span style=\"font-family: Arial;\"><strong>Por que cobrar pelo da \u00e1gua?<\/strong><\/span><span style=\"font-family: Arial;\"><strong>\u00a0 <\/strong><\/span><\/p><\/blockquote>\n<ul>\n<li>\n<p style=\"text-align: justify;\">A \u00c1GUA \u00e9 um bem p\u00fablico e cabe ao estado prover e garantir os prin\u00edpios de seu\u00a0 uso e acesso. Os padr\u00f5es de consumo da \u00e1gua adotados no Brasil e, at\u00e9 o in\u00edcio dos anos 90, resultaram na morte e degrada\u00e7\u00e3o por polui\u00e7\u00e3o dos principais rios BRASILEIROS ,\u00a0 Essa realidade, associada \u00e0 ocupa\u00e7\u00e3o urbana e ao adensamento populacional sem planejamento, resultam na grave situa\u00e7\u00e3o de falta de \u00e1gua para abastecimento p\u00fablico em diversas regi\u00f5es do PA\u00cdS, que apresentam \u00edndices\u00a0 muito abaixo dos padr\u00f5es considerados cr\u00edticos, com 1500 metros c\u00fabicos de \u00e1gua por habitante, ano. Na regi\u00e3o metropolitana de S\u00e3o Paulo, sub-bacia do Alto Tiet\u00ea, outrora conhecida como \u201cterra da garoa\u201d, a disponibilidade de \u00e1gua \u00e9 de\u00a0\u00a0200 metros c\u00fabicos por habitante ano e em Piracicaba, 400 metros c\u00fabicos, portanto muito abaixo dos \u00edndices internacionais.<\/p>\n<\/li>\n<\/ul>\n<ul>\n<li style=\"text-align: justify;\">Diante de problemas como esse, que o Brasil em todas as unidacdes da federa\u00e7\u00e3o\u00a0 enfrentam hoje, diversos pa\u00edses passaram a instituir normas de controle e gest\u00e3o das \u00e1guas, desde os anos de 1930.No Brasil, o c\u00f3digo de \u00e1guas, instituiu os princ\u00edpios de poluidor pagador em 1934, por\u00e9m o instrumento da cobran\u00e7a n\u00e3o havia sido posto em pr\u00e1tica, talvez em virtude da falsa id\u00e9ia de que h\u00e1 \u00e1gua em abund\u00e2ncia no pa\u00eds e que esse recurso \u00e9 da natureza e portanto n\u00e3o pertence a ningu\u00e9m.<\/li>\n<\/ul>\n<ul>\n<li style=\"text-align: justify;\">A cobran\u00e7a pelo uso da \u00e1gua come\u00e7a\u00a0 de fato a ser trabalha no Brasil com a cria\u00e7\u00e3o da ANA \u2013 Ag\u00eancia Nacional de \u00c1guas, institu\u00edda a partir da Lei 9433, que criou o Sistema Nacional de Recursos H\u00eddricos.<\/li>\n<\/ul>\n<p style=\"text-align: justify;\"><span style=\"color: #333399;\"><strong>O FONASC TEM PARTICIPADO REAFIRMADO SEU PAPEL\u00a0EM\u00a0 TODAS AS MANIFESTA\u00c7\u00d5ES VOLTADAS PARA O APRIMORAMENTO DO INSTRUMENTO DE GEST\u00c3O \u00a0DA COBRAN\u00c7A PELO USOS ECONOMICOS DAS \u00c1GUAS P\u00daBLICAS\u00a0 E ENFRENTADO\u00a0AS DISTOR\u00c7\u00d5ES QUE IMPEDEM QUE AS DECIS\u00d5ES SOBRE A APLICA\u00c7\u00c3O DESSE INSTRUMENTO SEJA DE FATO DESCENTRALIZADAS E CORRETAS <\/strong><\/span><\/p>\n<p style=\"text-align: justify;\"><span style=\"color: #333399;\"><strong>( AGUARDE MAIS DOCUMENTOS SOBRE NOSSA ATUA\u00c7\u00c3O NESSE TEMA &#8211; <a title=\"cob\" href=\"https:\/\/fonasc-cbh.org.br\/?page_id=3176\" target=\"_blank\">SITE EM\u00a0 CONSTRU\u00c7\u00c3O)<\/a><\/strong><\/span><\/p>\n<p><a title=\"COBRAN\u00c7A \" href=\"http:\/\/www2.ana.gov.br\/Paginas\/servicos\/cobrancaearrecadacao\/cobrancaearrecadacao.aspx\" target=\"_blank\">RELAT\u00d3RIO DA ANA <\/a>&#8211; Receita e Aplica\u00e7\u00e3o dos Recursos da Cobran\u00e7a<\/p>\n","protected":false},"excerpt":{"rendered":"<p>Para\u00a0 que a gest\u00e3o dos rios\u00a0 no pa\u00eds ocorra de forma descentralizada, integrada e participativa, de acordo com a Pol\u00edtica&#8230;<\/p>\n","protected":false},"author":3,"featured_media":0,"parent":2219,"menu_order":0,"comment_status":"open","ping_status":"closed","template":"","meta":{"footnotes":""},"_links":{"self":[{"href":"https:\/\/fonasc-cbh.org.br\/index.php?rest_route=\/wp\/v2\/pages\/1048"}],"collection":[{"href":"https:\/\/fonasc-cbh.org.br\/index.php?rest_route=\/wp\/v2\/pages"}],"about":[{"href":"https:\/\/fonasc-cbh.org.br\/index.php?rest_route=\/wp\/v2\/types\/page"}],"author":[{"embeddable":true,"href":"https:\/\/fonasc-cbh.org.br\/index.php?rest_route=\/wp\/v2\/users\/3"}],"replies":[{"embeddable":true,"href":"https:\/\/fonasc-cbh.org.br\/index.php?rest_route=%2Fwp%2Fv2%2Fcomments&post=1048"}],"version-history":[{"count":30,"href":"https:\/\/fonasc-cbh.org.br\/index.php?rest_route=\/wp\/v2\/pages\/1048\/revisions"}],"predecessor-version":[{"id":2209,"href":"https:\/\/fonasc-cbh.org.br\/index.php?rest_route=\/wp\/v2\/pages\/1048\/revisions\/2209"}],"up":[{"embeddable":true,"href":"https:\/\/fonasc-cbh.org.br\/index.php?rest_route=\/wp\/v2\/pages\/2219"}],"wp:attachment":[{"href":"https:\/\/fonasc-cbh.org.br\/index.php?rest_route=%2Fwp%2Fv2%2Fmedia&parent=1048"}],"curies":[{"name":"wp","href":"https:\/\/api.w.org\/{rel}","templated":true}]}}