{"id":21839,"date":"2020-02-20T15:22:12","date_gmt":"2020-02-20T15:22:12","guid":{"rendered":"http:\/\/fonasc-cbh.org.br\/wp-content\/uploads\/foto-1-bra1.jpg"},"modified":"2020-02-20T15:22:12","modified_gmt":"2020-02-20T15:22:12","slug":"foto-1-bra-2","status":"inherit","type":"attachment","link":"https:\/\/fonasc-cbh.org.br\/?attachment_id=21839","title":{"rendered":"foto 1 bra"},"author":3,"featured_media":0,"comment_status":"closed","ping_status":"open","template":"","meta":[],"description":{"rendered":"<p class=\"attachment\"><a href='https:\/\/fonasc-cbh.org.br\/wp-content\/uploads\/foto-1-bra1.jpg'><img loading=\"lazy\" decoding=\"async\" width=\"300\" height=\"300\" src=\"https:\/\/fonasc-cbh.org.br\/wp-content\/uploads\/foto-1-bra1-300x300.jpg\" class=\"attachment-medium size-medium\" alt=\"\" srcset=\"https:\/\/fonasc-cbh.org.br\/wp-content\/uploads\/foto-1-bra1-300x300.jpg 300w, https:\/\/fonasc-cbh.org.br\/wp-content\/uploads\/foto-1-bra1-150x150.jpg 150w, https:\/\/fonasc-cbh.org.br\/wp-content\/uploads\/foto-1-bra1-1024x1024.jpg 1024w, https:\/\/fonasc-cbh.org.br\/wp-content\/uploads\/foto-1-bra1.jpg 1080w\" sizes=\"(max-width: 300px) 100vw, 300px\" \/><\/a><\/p>\n"},"caption":{"rendered":"<p>Reuni\u00e3o da C\u00e2mara T\u00e9cnica em Bras\u00edlia<\/p>\n"},"alt_text":"","media_type":"image","mime_type":"image\/jpeg","media_details":{"width":"1080","height":"1080","hwstring_small":"height='96' width='96'","file":"foto-1-bra1.jpg","sizes":{"thumbnail":{"file":"foto-1-bra1-150x150.jpg","width":"150","height":"150","source_url":"https:\/\/fonasc-cbh.org.br\/wp-content\/uploads\/foto-1-bra1-150x150.jpg"},"medium":{"file":"foto-1-bra1-300x300.jpg","width":"300","height":"300","source_url":"https:\/\/fonasc-cbh.org.br\/wp-content\/uploads\/foto-1-bra1-300x300.jpg"},"large":{"file":"foto-1-bra1-1024x1024.jpg","width":"1024","height":"1024","source_url":"https:\/\/fonasc-cbh.org.br\/wp-content\/uploads\/foto-1-bra1-1024x1024.jpg"},"full":{"file":"foto-1-bra1.jpg","width":1080,"height":1080,"mime_type":"image\/jpeg","source_url":"https:\/\/fonasc-cbh.org.br\/wp-content\/uploads\/foto-1-bra1.jpg"}},"image_meta":{"aperture":"0","credit":"","camera":"","caption":"","created_timestamp":"0","copyright":"","focal_length":"0","iso":"0","shutter_speed":"0","title":""}},"post":21838,"source_url":"https:\/\/fonasc-cbh.org.br\/wp-content\/uploads\/foto-1-bra1.jpg","_links":{"self":[{"href":"https:\/\/fonasc-cbh.org.br\/index.php?rest_route=\/wp\/v2\/media\/21839"}],"collection":[{"href":"https:\/\/fonasc-cbh.org.br\/index.php?rest_route=\/wp\/v2\/media"}],"about":[{"href":"https:\/\/fonasc-cbh.org.br\/index.php?rest_route=\/wp\/v2\/types\/attachment"}],"author":[{"embeddable":true,"href":"https:\/\/fonasc-cbh.org.br\/index.php?rest_route=\/wp\/v2\/users\/3"}],"replies":[{"embeddable":true,"href":"https:\/\/fonasc-cbh.org.br\/index.php?rest_route=%2Fwp%2Fv2%2Fcomments&post=21839"}]}}

<p>Reunião da Câmara Técnica em Brasília</p>
